{"id":6008,"date":"2024-03-22T10:25:38","date_gmt":"2024-03-22T09:25:38","guid":{"rendered":"https:\/\/nord-solution.com\/?page_id=6008"},"modified":"2024-03-22T10:26:45","modified_gmt":"2024-03-22T09:26:45","slug":"general-de","status":"publish","type":"page","link":"https:\/\/nord-solution.com\/index.php\/de\/general-de\/","title":{"rendered":"General DE"},"content":{"rendered":"\t\t<div data-elementor-type=\"wp-page\" data-elementor-id=\"6008\" class=\"elementor elementor-6008\" data-elementor-post-type=\"page\">\n\t\t\t\t\t\t<section class=\"elementor-section elementor-top-section elementor-element elementor-element-4892154 elementor-section-boxed elementor-section-height-default elementor-section-height-default\" data-id=\"4892154\" data-element_type=\"section\" data-settings=\"{&quot;background_background&quot;:&quot;classic&quot;}\">\n\t\t\t\t\t\t<div class=\"elementor-container elementor-column-gap-default\">\n\t\t\t\t\t<div class=\"elementor-column elementor-col-100 elementor-top-column elementor-element elementor-element-776aa11\" data-id=\"776aa11\" data-element_type=\"column\">\n\t\t\t<div class=\"elementor-widget-wrap elementor-element-populated\">\n\t\t\t\t\t\t<div class=\"elementor-element elementor-element-570aaaf1 elementor-widget elementor-widget-spacer\" data-id=\"570aaaf1\" data-element_type=\"widget\" data-widget_type=\"spacer.default\">\n\t\t\t\t\t\t\t<div class=\"elementor-spacer\">\n\t\t\t<div class=\"elementor-spacer-inner\"><\/div>\n\t\t<\/div>\n\t\t\t\t\t\t<\/div>\n\t\t\t\t<div class=\"elementor-element elementor-element-28abe27c elementor-widget elementor-widget-heading\" data-id=\"28abe27c\" data-element_type=\"widget\" data-widget_type=\"heading.default\">\n\t\t\t\t\t<h1 class=\"elementor-heading-title elementor-size-default\">NORD kombiniert Photovoltaik-Solartechnik mit W\u00e4rmetechnik<\/h1>\t\t\t\t<\/div>\n\t\t\t\t<div class=\"elementor-element elementor-element-7600c2ed elementor-widget elementor-widget-text-editor\" data-id=\"7600c2ed\" data-element_type=\"widget\" data-widget_type=\"text-editor.default\">\n\t\t\t\t\t\t\t\t\t<p>Als einer der neuen Marktf\u00fchrer im Bereich der Photovoltaik- und Heizungssysteme pr\u00e4sentiert <strong>NORD <\/strong>eine Komplettl\u00f6sung f\u00fcr das Green-Building-Konzept, die auf den grundlegenden Anforderungen an eine Photovoltaikanlage basiert. Zu diesen Anforderungen geh\u00f6ren <strong>Autarkie<\/strong>, <strong>maximale wirtschaftliche Einsparungen <\/strong>und der <strong>Schutz der Umwelt<\/strong>. Mit dem <strong>NORD-Gesamtsystem erh\u00e4lt der <\/strong>Nutzer ein komplettes PV-System von den Modulen bis zum Batteriespeicher unter Einbindung von <strong>NORD-Heizelementen<\/strong>. Damit wird eine Lastoptimierung erreicht, die es so auf dem Markt noch nicht gab. Das technische Team von <strong>NORD <\/strong>hat eine einzigartige EcoMode-Betriebsfunktion entwickelt, die es Ihnen erm\u00f6glicht, nur \u00fcbersch\u00fcssige PV-Energie zum Heizen zu verwenden. <strong>NORD <\/strong>ist stolz darauf, mit f\u00fchrenden Komponentenherstellern zusammenzuarbeiten, um qualitativ hochwertige und zuverl\u00e4ssige Ger\u00e4te anbieten zu k\u00f6nnen, die sich in jahrelangem Feldbetrieb f\u00fcr alle Arten von Produkten wie <strong>Hybridwechselrichter, Batterien, EV-Ladeger\u00e4te, PV-Module, W\u00e4rmepumpen und Warmwasserbereiter <\/strong>bew\u00e4hrt haben.<\/p>\t\t\t\t\t\t\t\t<\/div>\n\t\t\t\t<div class=\"elementor-element elementor-element-54dc24b7 elementor-widget elementor-widget-image\" data-id=\"54dc24b7\" data-element_type=\"widget\" data-widget_type=\"image.default\">\n\t\t\t\t\t\t\t\t\t\t\t\t\t\t\t<img fetchpriority=\"high\" decoding=\"async\" width=\"1500\" height=\"700\" src=\"https:\/\/nord-solution.com\/wp-content\/uploads\/2023\/05\/nord-banner-3.png\" class=\"attachment-full size-full wp-image-3442\" alt=\"\" srcset=\"https:\/\/nord-solution.com\/wp-content\/uploads\/2023\/05\/nord-banner-3.png 1500w, https:\/\/nord-solution.com\/wp-content\/uploads\/2023\/05\/nord-banner-3-600x280.png 600w, https:\/\/nord-solution.com\/wp-content\/uploads\/2023\/05\/nord-banner-3-300x140.png 300w, https:\/\/nord-solution.com\/wp-content\/uploads\/2023\/05\/nord-banner-3-1024x478.png 1024w, https:\/\/nord-solution.com\/wp-content\/uploads\/2023\/05\/nord-banner-3-768x358.png 768w\" sizes=\"(max-width: 1500px) 100vw, 1500px\" \/>\t\t\t\t\t\t\t\t\t\t\t\t\t\t\t<\/div>\n\t\t\t\t<div class=\"elementor-element elementor-element-4ff3a973 elementor-widget elementor-widget-text-editor\" data-id=\"4ff3a973\" data-element_type=\"widget\" data-widget_type=\"text-editor.default\">\n\t\t\t\t\t\t\t\t\t<h2 style=\"text-align: center;\"><strong>Komplette NORD-L\u00f6sung f\u00fcr gr\u00fcne Geb\u00e4ude<\/strong><\/h2><p>Die gr\u00f6\u00dften Verbraucher im Haus sind in der Regel Heizung und Warmwasser. Deshalb wird vorgeschlagen, die Photovoltaikanlage mit einer W\u00e4rmepumpe und Warmwasserbereitung zu kombinieren. <strong>NORD <\/strong>bietet eine Komplettl\u00f6sung an, die die <strong>PV-Anlage mit der Warmwasserbereitung<\/strong>, der <strong>Hausheizung <\/strong>und jetzt auch mit dem <strong>Laden von Elektrofahrzeugen <\/strong>(Elektro-\/Hybridautos) kombiniert. Damit der Kunde den gr\u00f6\u00dftm\u00f6glichen Nutzen aus einem solch komplexen System ziehen kann, m\u00fcssen die einzelnen Systemkomponenten <strong>so kompatibel, benutzerfreundlich und kosteng\u00fcnstig wie m\u00f6glich sein<\/strong>. Deshalb werden die einzelnen Komponenten bis ins Detail so konfiguriert, dass sie problemlos zusammenarbeiten. Gesteuert werden sie \u00fcber die intelligente EcoControl-Schnittstelle f\u00fcr eine optimale Energie- und W\u00e4rmeerzeugung.<\/p><p>Das Gesamtsystem kann problemlos von Grund auf auf die unterschiedlichen Anforderungen der einzelnen Kunden abgestimmt werden. Die Systemkomponenten k\u00f6nnen in verschiedenen Leistungsvarianten bestellt werden. Dar\u00fcber hinaus ist <strong>die NORD-L\u00f6sung <\/strong>nicht auf den Einsatz in <strong>Einfamilienh\u00e4usern <\/strong>beschr\u00e4nkt, sondern eignet sich auch f\u00fcr die Installation in <strong>kleinen Wohnungen, Eigentumswohnungen oder sogar kleineren Gewerbeobjekten<\/strong>.<\/p><p><strong>NORD <\/strong>bietet seinen Kunden das Beste aus der Welt der <strong>Photovoltaik<\/strong>, der <strong>Hausheizung <\/strong>und der <strong>Warmwasserbereitung, um <\/strong>nicht nur einen gr\u00f6\u00dftm\u00f6glichen Beitrag zu wirtschaftlichen Einsparungen zu leisten, sondern vor allem auch einen Beitrag zum Kampf gegen den Klimawandel und f\u00fcr eine <strong>nachhaltigere Zukunft <\/strong>f\u00fcr alle. Gleichzeitig pr\u00fcfen die <strong>NORD-Ingenieure die <\/strong>Qualit\u00e4t jedes Produkts, um seine Langlebigkeit und die Rentabilit\u00e4t jeder Investition sicherzustellen.<\/p>\t\t\t\t\t\t\t\t<\/div>\n\t\t\t\t<div class=\"elementor-element elementor-element-4d8a6f1f elementor-widget elementor-widget-image\" data-id=\"4d8a6f1f\" data-element_type=\"widget\" data-widget_type=\"image.default\">\n\t\t\t\t\t\t\t\t\t\t\t\t\t\t\t<img decoding=\"async\" width=\"2000\" height=\"1000\" src=\"https:\/\/nord-solution.com\/wp-content\/uploads\/2023\/05\/NORD_Solution_Fullpackage.svg\" class=\"attachment-full size-full wp-image-4050\" alt=\"\" \/>\t\t\t\t\t\t\t\t\t\t\t\t\t\t\t<\/div>\n\t\t\t\t\t<\/div>\n\t\t<\/div>\n\t\t\t\t\t<\/div>\n\t\t<\/section>\n\t\t\t\t<\/div>\n\t\t","protected":false},"excerpt":{"rendered":"<p>NORD kombiniert Photovoltaik-Solartechnik mit W\u00e4rmetechnik Als einer der neuen Marktf\u00fchrer im Bereich der Photovoltaik- und Heizungssysteme pr\u00e4sentiert NORD eine Komplettl\u00f6sung f\u00fcr das Green-Building-Konzept, die auf den grundlegenden Anforderungen an eine Photovoltaikanlage basiert. Zu diesen Anforderungen geh\u00f6ren Autarkie, maximale wirtschaftliche Einsparungen und der Schutz der Umwelt. Mit dem NORD-Gesamtsystem erh\u00e4lt der Nutzer ein komplettes PV-System von [&hellip;]<\/p>\n","protected":false},"author":1,"featured_media":0,"parent":0,"menu_order":0,"comment_status":"closed","ping_status":"closed","template":"","meta":{"om_disable_all_campaigns":false,"_monsterinsights_skip_tracking":false,"_monsterinsights_sitenote_active":false,"_monsterinsights_sitenote_note":"","_monsterinsights_sitenote_category":0,"footnotes":""},"_links":{"self":[{"href":"https:\/\/nord-solution.com\/index.php\/wp-json\/wp\/v2\/pages\/6008"}],"collection":[{"href":"https:\/\/nord-solution.com\/index.php\/wp-json\/wp\/v2\/pages"}],"about":[{"href":"https:\/\/nord-solution.com\/index.php\/wp-json\/wp\/v2\/types\/page"}],"author":[{"embeddable":true,"href":"https:\/\/nord-solution.com\/index.php\/wp-json\/wp\/v2\/users\/1"}],"replies":[{"embeddable":true,"href":"https:\/\/nord-solution.com\/index.php\/wp-json\/wp\/v2\/comments?post=6008"}],"version-history":[{"count":7,"href":"https:\/\/nord-solution.com\/index.php\/wp-json\/wp\/v2\/pages\/6008\/revisions"}],"predecessor-version":[{"id":6015,"href":"https:\/\/nord-solution.com\/index.php\/wp-json\/wp\/v2\/pages\/6008\/revisions\/6015"}],"wp:attachment":[{"href":"https:\/\/nord-solution.com\/index.php\/wp-json\/wp\/v2\/media?parent=6008"}],"curies":[{"name":"wp","href":"https:\/\/api.w.org\/{rel}","templated":true}]}}