{"id":5747,"date":"2024-02-19T13:51:50","date_gmt":"2024-02-19T12:51:50","guid":{"rendered":"https:\/\/nord-solution.com\/?page_id=5747"},"modified":"2024-02-19T13:52:55","modified_gmt":"2024-02-19T12:52:55","slug":"kommersielle-bygg-leiligheter","status":"publish","type":"page","link":"https:\/\/nord-solution.com\/index.php\/nb\/kommersielle-bygg-leiligheter\/","title":{"rendered":"Kommersielle bygg \/ leiligheter"},"content":{"rendered":"\t\t<div data-elementor-type=\"wp-page\" data-elementor-id=\"5747\" class=\"elementor elementor-5747\" data-elementor-post-type=\"page\">\n\t\t\t\t\t\t<section class=\"elementor-section elementor-top-section elementor-element elementor-element-50bed0fc elementor-section-boxed elementor-section-height-default elementor-section-height-default\" data-id=\"50bed0fc\" data-element_type=\"section\" data-settings=\"{&quot;background_background&quot;:&quot;classic&quot;}\">\n\t\t\t\t\t\t<div class=\"elementor-container elementor-column-gap-default\">\n\t\t\t\t\t<div class=\"elementor-column elementor-col-100 elementor-top-column elementor-element elementor-element-5c00629\" data-id=\"5c00629\" data-element_type=\"column\">\n\t\t\t<div class=\"elementor-widget-wrap elementor-element-populated\">\n\t\t\t\t\t\t<div class=\"elementor-element elementor-element-516c7457 elementor-widget elementor-widget-spacer\" data-id=\"516c7457\" data-element_type=\"widget\" data-widget_type=\"spacer.default\">\n\t\t\t\t\t\t\t<div class=\"elementor-spacer\">\n\t\t\t<div class=\"elementor-spacer-inner\"><\/div>\n\t\t<\/div>\n\t\t\t\t\t\t<\/div>\n\t\t\t\t<div class=\"elementor-element elementor-element-555cf028 elementor-widget elementor-widget-heading\" data-id=\"555cf028\" data-element_type=\"widget\" data-widget_type=\"heading.default\">\n\t\t\t\t\t<h1 class=\"elementor-heading-title elementor-size-default\">Kommersielle bygg \/ leiligheter<\/h1>\t\t\t\t<\/div>\n\t\t\t\t<div class=\"elementor-element elementor-element-1a1cdc05 elementor-widget elementor-widget-text-editor\" data-id=\"1a1cdc05\" data-element_type=\"widget\" data-widget_type=\"text-editor.default\">\n\t\t\t\t\t\t\t\t\t<p><strong>Smart kommersiell l\u00f8sning<\/strong>\u00a0med typisk installert solcelleenergi p\u00e5 mer enn\u00a0<strong>20\u00a0kWp<\/strong>\u00a0med <strong>hybridinverter\u00a0NORD EcoMaster,\u00a0varmepumpen NORD EcoHeat\u00a0og\u00a0EcoControl<\/strong>\u00a0som hjelper deg med \u00e5 bruke gr\u00f8nn energi s\u00e5 effektivt som mulig.\u00a0<strong>EcoControl<\/strong>\u00a0styrer driften av <strong>solcelleinverteren<\/strong> og <strong>varmepumpen<\/strong> slik at du alltid vil bruke\u00a0<strong>maksimalt med gr\u00f8nn energi<\/strong>\u00a0og ha alt klart for \u00e5 gj\u00f8re prosessen brukervennlig og behagelig.\u00a0Denne l\u00f8sningen st\u00f8tter oppsett med andre typer varmtvannsberedere med\u00a0<strong>NORD EcoBoiler<\/strong>, allerede eksisterende varmtvannsberedere eller en varmtvannsbereder koblet til\u00a0<strong>EcoHeat<\/strong>.<\/p>\t\t\t\t\t\t\t\t<\/div>\n\t\t\t\t<div class=\"elementor-element elementor-element-1348fed5 elementor-widget elementor-widget-text-editor\" data-id=\"1348fed5\" data-element_type=\"widget\" data-widget_type=\"text-editor.default\">\n\t\t\t\t\t\t\t\t\t<h4><strong>Oppsett:<\/strong><\/h4><ul><li>PV\u00a0<strong>&gt;<\/strong>\u00a020 kWp<\/li><li><strong>NORD EcoMaster med EcoStorage<\/strong><\/li><li>NORD Chint\/Eastron Smartmeter<\/li><li><strong>EcoCharge med eget NORD Chint\/Eastron Smartmeter<\/strong><\/li><li>NORD EcoHeat med gulvvarme<\/li><li><strong>NORD EcoBoiler i hver leilighet<\/strong><\/li><li>NORD EcoControl<\/li><\/ul>\t\t\t\t\t\t\t\t<\/div>\n\t\t\t\t<div class=\"elementor-element elementor-element-7c4ef3ee elementor-widget elementor-widget-image\" data-id=\"7c4ef3ee\" data-element_type=\"widget\" data-widget_type=\"image.default\">\n\t\t\t\t\t\t\t\t\t\t\t\t\t\t\t<img fetchpriority=\"high\" decoding=\"async\" width=\"1024\" height=\"600\" src=\"https:\/\/nord-solution.com\/wp-content\/uploads\/2023\/06\/nord-panelak-schema-3.svg\" class=\"attachment-full size-full wp-image-4436\" alt=\"\" \/>\t\t\t\t\t\t\t\t\t\t\t\t\t\t\t<\/div>\n\t\t\t\t\t<\/div>\n\t\t<\/div>\n\t\t\t\t\t<\/div>\n\t\t<\/section>\n\t\t\t\t<\/div>\n\t\t","protected":false},"excerpt":{"rendered":"<p>Kommersielle bygg \/ leiligheter Smart kommersiell l\u00f8sning\u00a0med typisk installert solcelleenergi p\u00e5 mer enn\u00a020\u00a0kWp\u00a0med hybridinverter\u00a0NORD EcoMaster,\u00a0varmepumpen NORD EcoHeat\u00a0og\u00a0EcoControl\u00a0som hjelper deg med \u00e5 bruke gr\u00f8nn energi s\u00e5 effektivt som mulig.\u00a0EcoControl\u00a0styrer driften av solcelleinverteren og varmepumpen slik at du alltid vil bruke\u00a0maksimalt med gr\u00f8nn energi\u00a0og ha alt klart for \u00e5 gj\u00f8re prosessen brukervennlig og behagelig.\u00a0Denne l\u00f8sningen st\u00f8tter oppsett [&hellip;]<\/p>\n","protected":false},"author":1,"featured_media":0,"parent":0,"menu_order":0,"comment_status":"closed","ping_status":"closed","template":"","meta":{"om_disable_all_campaigns":false,"_monsterinsights_skip_tracking":false,"_monsterinsights_sitenote_active":false,"_monsterinsights_sitenote_note":"","_monsterinsights_sitenote_category":0,"footnotes":""},"_links":{"self":[{"href":"https:\/\/nord-solution.com\/index.php\/wp-json\/wp\/v2\/pages\/5747"}],"collection":[{"href":"https:\/\/nord-solution.com\/index.php\/wp-json\/wp\/v2\/pages"}],"about":[{"href":"https:\/\/nord-solution.com\/index.php\/wp-json\/wp\/v2\/types\/page"}],"author":[{"embeddable":true,"href":"https:\/\/nord-solution.com\/index.php\/wp-json\/wp\/v2\/users\/1"}],"replies":[{"embeddable":true,"href":"https:\/\/nord-solution.com\/index.php\/wp-json\/wp\/v2\/comments?post=5747"}],"version-history":[{"count":4,"href":"https:\/\/nord-solution.com\/index.php\/wp-json\/wp\/v2\/pages\/5747\/revisions"}],"predecessor-version":[{"id":5751,"href":"https:\/\/nord-solution.com\/index.php\/wp-json\/wp\/v2\/pages\/5747\/revisions\/5751"}],"wp:attachment":[{"href":"https:\/\/nord-solution.com\/index.php\/wp-json\/wp\/v2\/media?parent=5747"}],"curies":[{"name":"wp","href":"https:\/\/api.w.org\/{rel}","templated":true}]}}