{"id":4646,"date":"2023-07-20T14:49:21","date_gmt":"2023-07-20T12:49:21","guid":{"rendered":"https:\/\/nord-solution.com\/?page_id=4646"},"modified":"2023-07-20T14:55:33","modified_gmt":"2023-07-20T12:55:33","slug":"firma","status":"publish","type":"page","link":"https:\/\/nord-solution.com\/index.php\/pl\/firma\/","title":{"rendered":"Firma"},"content":{"rendered":"\t\t<div data-elementor-type=\"wp-page\" data-elementor-id=\"4646\" class=\"elementor elementor-4646\" data-elementor-post-type=\"page\">\n\t\t\t\t\t\t<section class=\"elementor-section elementor-top-section elementor-element elementor-element-558a5fcb elementor-section-boxed elementor-section-height-default elementor-section-height-default\" data-id=\"558a5fcb\" data-element_type=\"section\" data-settings=\"{&quot;background_background&quot;:&quot;classic&quot;}\">\n\t\t\t\t\t\t<div class=\"elementor-container elementor-column-gap-default\">\n\t\t\t\t\t<div class=\"elementor-column elementor-col-100 elementor-top-column elementor-element elementor-element-11809006\" data-id=\"11809006\" data-element_type=\"column\">\n\t\t\t<div class=\"elementor-widget-wrap elementor-element-populated\">\n\t\t\t\t\t\t<div class=\"elementor-element elementor-element-1090595b elementor-widget elementor-widget-spacer\" data-id=\"1090595b\" data-element_type=\"widget\" data-widget_type=\"spacer.default\">\n\t\t\t\t\t\t\t<div class=\"elementor-spacer\">\n\t\t\t<div class=\"elementor-spacer-inner\"><\/div>\n\t\t<\/div>\n\t\t\t\t\t\t<\/div>\n\t\t\t\t<div class=\"elementor-element elementor-element-4bfe68ed elementor-widget elementor-widget-heading\" data-id=\"4bfe68ed\" data-element_type=\"widget\" data-widget_type=\"heading.default\">\n\t\t\t\t\t<h1 class=\"elementor-heading-title elementor-size-default\">Projekt NORD<\/h1>\t\t\t\t<\/div>\n\t\t\t\t<div class=\"elementor-element elementor-element-85fc490 elementor-widget elementor-widget-spacer\" data-id=\"85fc490\" data-element_type=\"widget\" data-widget_type=\"spacer.default\">\n\t\t\t\t\t\t\t<div class=\"elementor-spacer\">\n\t\t\t<div class=\"elementor-spacer-inner\"><\/div>\n\t\t<\/div>\n\t\t\t\t\t\t<\/div>\n\t\t\t\t<div class=\"elementor-element elementor-element-52a31cbf elementor-widget elementor-widget-text-editor\" data-id=\"52a31cbf\" data-element_type=\"widget\" data-widget_type=\"text-editor.default\">\n\t\t\t\t\t\t\t\t\t<p><strong>NORD<\/strong>\u00a0jest stowarzyszeniem europejskich przedsi\u0119biorstw in\u017cynieryjnych oraz uznanych, presti\u017cowych uniwersytet\u00f3w.\u00a0Pierwsze przedsi\u0119wzi\u0119cia <strong>NORD<\/strong> rozpocz\u0119\u0142y si\u0119 ju\u017c w <strong>2014<\/strong> r. przy wsparciu \u015brodk\u00f3w z funduszy norweskich.<\/p><p>Centraln\u0105 wizj\u0105 <strong>NORD<\/strong> jest tworzenie po\u0142\u0105cze\u0144 mi\u0119dzy bran\u017cami zasob\u00f3w odnawialnych, ogrzewania budynk\u00f3w, ogrzewania wody dla gospodarstw domowych i elektromobilno\u015bci w zastosowaniach mieszkaniowych i ma\u0142ym przemy\u015ble.<\/p><p><strong>Inteligentne projektowanie<\/strong> umo\u017cliwia <strong>maksymalne wykorzystanie<\/strong> dost\u0119pnej <strong>zielonej energii<\/strong>. Skutkuje to uzyskaniem jak najwi\u0119kszych oszcz\u0119dno\u015bci i skr\u00f3ceniem czasu zwrotu z inwestycji.<\/p><p><strong>NORD<\/strong>\u00a0prowadzi swoj\u0105 baz\u0119 logistyczn\u0105 wraz z partnerami strategicznymi, dzi\u0119ki czemu nasi klienci mog\u0105 liczy\u0107 na zaopatrzenie i wsparcie na poziomie lokalnym.<\/p>\t\t\t\t\t\t\t\t<\/div>\n\t\t\t\t<section class=\"elementor-section elementor-inner-section elementor-element elementor-element-765396e elementor-section-boxed elementor-section-height-default elementor-section-height-default\" data-id=\"765396e\" data-element_type=\"section\">\n\t\t\t\t\t\t<div class=\"elementor-container elementor-column-gap-default\">\n\t\t\t\t\t<div class=\"elementor-column elementor-col-50 elementor-inner-column elementor-element elementor-element-cb4e09a\" data-id=\"cb4e09a\" data-element_type=\"column\">\n\t\t\t<div class=\"elementor-widget-wrap elementor-element-populated\">\n\t\t\t\t\t\t<div class=\"elementor-element elementor-element-cc4383e elementor-widget elementor-widget-image\" data-id=\"cc4383e\" data-element_type=\"widget\" data-widget_type=\"image.default\">\n\t\t\t\t\t\t\t\t\t\t\t\t\t\t\t<img fetchpriority=\"high\" decoding=\"async\" width=\"1000\" height=\"700\" src=\"https:\/\/nord-solution.com\/wp-content\/uploads\/2023\/05\/company1.png\" class=\"attachment-full size-full wp-image-2525\" alt=\"\" srcset=\"https:\/\/nord-solution.com\/wp-content\/uploads\/2023\/05\/company1.png 1000w, https:\/\/nord-solution.com\/wp-content\/uploads\/2023\/05\/company1-600x420.png 600w, https:\/\/nord-solution.com\/wp-content\/uploads\/2023\/05\/company1-300x210.png 300w, https:\/\/nord-solution.com\/wp-content\/uploads\/2023\/05\/company1-768x538.png 768w\" sizes=\"(max-width: 1000px) 100vw, 1000px\" \/>\t\t\t\t\t\t\t\t\t\t\t\t\t\t\t<\/div>\n\t\t\t\t\t<\/div>\n\t\t<\/div>\n\t\t\t\t<div class=\"elementor-column elementor-col-50 elementor-inner-column elementor-element elementor-element-fac3220\" data-id=\"fac3220\" data-element_type=\"column\">\n\t\t\t<div class=\"elementor-widget-wrap elementor-element-populated\">\n\t\t\t\t\t\t<div class=\"elementor-element elementor-element-ca5badb elementor-widget elementor-widget-image\" data-id=\"ca5badb\" data-element_type=\"widget\" data-widget_type=\"image.default\">\n\t\t\t\t\t\t\t\t\t\t\t\t\t\t\t<img decoding=\"async\" width=\"800\" height=\"560\" src=\"https:\/\/nord-solution.com\/wp-content\/uploads\/2023\/05\/company2.png\" class=\"attachment-large size-large wp-image-2526\" alt=\"\" srcset=\"https:\/\/nord-solution.com\/wp-content\/uploads\/2023\/05\/company2.png 1000w, https:\/\/nord-solution.com\/wp-content\/uploads\/2023\/05\/company2-600x420.png 600w, https:\/\/nord-solution.com\/wp-content\/uploads\/2023\/05\/company2-300x210.png 300w, https:\/\/nord-solution.com\/wp-content\/uploads\/2023\/05\/company2-768x538.png 768w\" sizes=\"(max-width: 800px) 100vw, 800px\" \/>\t\t\t\t\t\t\t\t\t\t\t\t\t\t\t<\/div>\n\t\t\t\t\t<\/div>\n\t\t<\/div>\n\t\t\t\t\t<\/div>\n\t\t<\/section>\n\t\t\t\t<div class=\"elementor-element elementor-element-c83adff elementor-widget elementor-widget-spacer\" data-id=\"c83adff\" data-element_type=\"widget\" data-widget_type=\"spacer.default\">\n\t\t\t\t\t\t\t<div class=\"elementor-spacer\">\n\t\t\t<div class=\"elementor-spacer-inner\"><\/div>\n\t\t<\/div>\n\t\t\t\t\t\t<\/div>\n\t\t\t\t<div class=\"elementor-element elementor-element-875a9b2 elementor-widget elementor-widget-heading\" data-id=\"875a9b2\" data-element_type=\"widget\" data-widget_type=\"heading.default\">\n\t\t\t\t\t<h2 class=\"elementor-heading-title elementor-size-default\">Globalna wsp\u00f3\u0142praca NORD<\/h2>\t\t\t\t<\/div>\n\t\t\t\t<div class=\"elementor-element elementor-element-87480a6 elementor-widget elementor-widget-text-editor\" data-id=\"87480a6\" data-element_type=\"widget\" data-widget_type=\"text-editor.default\">\n\t\t\t\t\t\t\t\t\t<p><span style=\"color: #003366;\"><strong>NORD<\/strong>\u00a0do\u0142\u0105cza do mi\u0119dzynarodowej grupy w celu transferu know-how i dalszego rozwoju swoich produkt\u00f3w w europejskich instytucjach badawczych i globalnych firmach technologicznych. Najbardziej zaawansowane technologie odnawialne s\u0105 celem obecnego stulecia \u2013 le\u017c\u0105 w interesie naszej przysz\u0142o\u015bci i ludzko\u015bci.s.<\/span><\/p>\t\t\t\t\t\t\t\t<\/div>\n\t\t\t\t<div class=\"elementor-element elementor-element-0dd6e4c elementor-widget elementor-widget-image\" data-id=\"0dd6e4c\" data-element_type=\"widget\" data-widget_type=\"image.default\">\n\t\t\t\t\t\t\t\t\t\t\t\t\t\t\t<img decoding=\"async\" width=\"1755\" height=\"1170\" src=\"https:\/\/nord-solution.com\/wp-content\/uploads\/2023\/05\/nordic_edge.png\" class=\"attachment-full size-full wp-image-2990\" alt=\"\" srcset=\"https:\/\/nord-solution.com\/wp-content\/uploads\/2023\/05\/nordic_edge.png 1755w, https:\/\/nord-solution.com\/wp-content\/uploads\/2023\/05\/nordic_edge-600x400.png 600w, https:\/\/nord-solution.com\/wp-content\/uploads\/2023\/05\/nordic_edge-300x200.png 300w, https:\/\/nord-solution.com\/wp-content\/uploads\/2023\/05\/nordic_edge-1024x683.png 1024w, https:\/\/nord-solution.com\/wp-content\/uploads\/2023\/05\/nordic_edge-768x512.png 768w, https:\/\/nord-solution.com\/wp-content\/uploads\/2023\/05\/nordic_edge-1536x1024.png 1536w\" sizes=\"(max-width: 1755px) 100vw, 1755px\" \/>\t\t\t\t\t\t\t\t\t\t\t\t\t\t\t<\/div>\n\t\t\t\t<div class=\"elementor-element elementor-element-746455ab elementor-widget elementor-widget-heading\" data-id=\"746455ab\" data-element_type=\"widget\" data-widget_type=\"heading.default\">\n\t\t\t\t\t<h3 class=\"elementor-heading-title elementor-size-default\">Poznaj naszych partner\u00f3w<\/h3>\t\t\t\t<\/div>\n\t\t\t\t<div class=\"elementor-element elementor-element-127f6f8 elementor-widget elementor-widget-spacer\" data-id=\"127f6f8\" data-element_type=\"widget\" data-widget_type=\"spacer.default\">\n\t\t\t\t\t\t\t<div class=\"elementor-spacer\">\n\t\t\t<div class=\"elementor-spacer-inner\"><\/div>\n\t\t<\/div>\n\t\t\t\t\t\t<\/div>\n\t\t\t\t<div class=\"elementor-element elementor-element-5654e5f0 elementor-widget elementor-widget-image-carousel\" data-id=\"5654e5f0\" data-element_type=\"widget\" data-settings=\"{&quot;slides_to_show&quot;:&quot;4&quot;,&quot;slides_to_show_tablet&quot;:&quot;1&quot;,&quot;slides_to_scroll&quot;:&quot;1&quot;,&quot;navigation&quot;:&quot;none&quot;,&quot;pause_on_hover&quot;:&quot;no&quot;,&quot;autoplay_speed&quot;:3000,&quot;image_spacing_custom&quot;:{&quot;unit&quot;:&quot;px&quot;,&quot;size&quot;:0,&quot;sizes&quot;:[]},&quot;autoplay&quot;:&quot;yes&quot;,&quot;pause_on_interaction&quot;:&quot;yes&quot;,&quot;infinite&quot;:&quot;yes&quot;,&quot;speed&quot;:500}\" data-widget_type=\"image-carousel.default\">\n\t\t\t\t\t\t\t<div class=\"elementor-image-carousel-wrapper swiper\" role=\"region\" aria-roledescription=\"carousel\" aria-label=\"Karuzela obrazk\u00f3w\" dir=\"ltr\">\n\t\t\t<div class=\"elementor-image-carousel swiper-wrapper\" aria-live=\"off\">\n\t\t\t\t\t\t\t\t<div class=\"swiper-slide\" role=\"group\" aria-roledescription=\"slide\" aria-label=\"1 z 4\"><figure class=\"swiper-slide-inner\"><img decoding=\"async\" class=\"swiper-slide-image\" src=\"https:\/\/nord-solution.com\/wp-content\/uploads\/2023\/05\/GBC.png\" alt=\"GBC\" \/><\/figure><\/div><div class=\"swiper-slide\" role=\"group\" aria-roledescription=\"slide\" aria-label=\"2 z 4\"><figure class=\"swiper-slide-inner\"><img decoding=\"async\" class=\"swiper-slide-image\" src=\"https:\/\/nord-solution.com\/wp-content\/uploads\/2023\/05\/nordic-edge.png\" alt=\"nordic-edge\" \/><\/figure><\/div><div class=\"swiper-slide\" role=\"group\" aria-roledescription=\"slide\" aria-label=\"3 z 4\"><figure class=\"swiper-slide-inner\"><img decoding=\"async\" class=\"swiper-slide-image\" src=\"https:\/\/nord-solution.com\/wp-content\/uploads\/2023\/05\/panasonic.png\" alt=\"panasonic\" \/><\/figure><\/div><div class=\"swiper-slide\" role=\"group\" aria-roledescription=\"slide\" aria-label=\"4 z 4\"><figure class=\"swiper-slide-inner\"><img decoding=\"async\" class=\"swiper-slide-image\" src=\"https:\/\/nord-solution.com\/wp-content\/uploads\/2023\/05\/polish-academy.png\" alt=\"polish-academy\" \/><\/figure><\/div>\t\t\t<\/div>\n\t\t\t\t\t\t\t\n\t\t\t\t\t\t\t\t\t<\/div>\n\t\t\t\t\t\t<\/div>\n\t\t\t\t<div class=\"elementor-element elementor-element-db133a1 elementor-widget elementor-widget-spacer\" data-id=\"db133a1\" data-element_type=\"widget\" data-widget_type=\"spacer.default\">\n\t\t\t\t\t\t\t<div class=\"elementor-spacer\">\n\t\t\t<div class=\"elementor-spacer-inner\"><\/div>\n\t\t<\/div>\n\t\t\t\t\t\t<\/div>\n\t\t\t\t\t<\/div>\n\t\t<\/div>\n\t\t\t\t\t<\/div>\n\t\t<\/section>\n\t\t\t\t<\/div>\n\t\t","protected":false},"excerpt":{"rendered":"<p>Projekt NORD NORD\u00a0jest stowarzyszeniem europejskich przedsi\u0119biorstw in\u017cynieryjnych oraz uznanych, presti\u017cowych uniwersytet\u00f3w.\u00a0Pierwsze przedsi\u0119wzi\u0119cia NORD rozpocz\u0119\u0142y si\u0119 ju\u017c w 2014 r. przy wsparciu \u015brodk\u00f3w z funduszy norweskich. Centraln\u0105 wizj\u0105 NORD jest tworzenie po\u0142\u0105cze\u0144 mi\u0119dzy bran\u017cami zasob\u00f3w odnawialnych, ogrzewania budynk\u00f3w, ogrzewania wody dla gospodarstw domowych i elektromobilno\u015bci w zastosowaniach mieszkaniowych i ma\u0142ym przemy\u015ble. Inteligentne projektowanie umo\u017cliwia maksymalne wykorzystanie [&hellip;]<\/p>\n","protected":false},"author":1,"featured_media":0,"parent":0,"menu_order":0,"comment_status":"closed","ping_status":"closed","template":"","meta":{"om_disable_all_campaigns":false,"_monsterinsights_skip_tracking":false,"_monsterinsights_sitenote_active":false,"_monsterinsights_sitenote_note":"","_monsterinsights_sitenote_category":0,"footnotes":""},"_links":{"self":[{"href":"https:\/\/nord-solution.com\/index.php\/wp-json\/wp\/v2\/pages\/4646"}],"collection":[{"href":"https:\/\/nord-solution.com\/index.php\/wp-json\/wp\/v2\/pages"}],"about":[{"href":"https:\/\/nord-solution.com\/index.php\/wp-json\/wp\/v2\/types\/page"}],"author":[{"embeddable":true,"href":"https:\/\/nord-solution.com\/index.php\/wp-json\/wp\/v2\/users\/1"}],"replies":[{"embeddable":true,"href":"https:\/\/nord-solution.com\/index.php\/wp-json\/wp\/v2\/comments?post=4646"}],"version-history":[{"count":10,"href":"https:\/\/nord-solution.com\/index.php\/wp-json\/wp\/v2\/pages\/4646\/revisions"}],"predecessor-version":[{"id":4657,"href":"https:\/\/nord-solution.com\/index.php\/wp-json\/wp\/v2\/pages\/4646\/revisions\/4657"}],"wp:attachment":[{"href":"https:\/\/nord-solution.com\/index.php\/wp-json\/wp\/v2\/media?parent=4646"}],"curies":[{"name":"wp","href":"https:\/\/api.w.org\/{rel}","templated":true}]}}