{"id":28948,"date":"2025-12-03T15:51:44","date_gmt":"2025-12-03T14:51:44","guid":{"rendered":"https:\/\/nord-solution.com\/?page_id=28948"},"modified":"2025-12-04T10:34:57","modified_gmt":"2025-12-04T09:34:57","slug":"dziekujemy-za-zapytanie","status":"publish","type":"page","link":"https:\/\/nord-solution.com\/index.php\/pl\/dziekujemy-za-zapytanie\/","title":{"rendered":"Dzi\u0119kujemy za zapytanie"},"content":{"rendered":"\t\t<div data-elementor-type=\"wp-page\" data-elementor-id=\"28948\" class=\"elementor elementor-28948\" data-elementor-post-type=\"page\">\n\t\t\t\t<div class=\"elementor-element elementor-element-1e01b50f e-flex e-con-boxed e-con e-parent\" data-id=\"1e01b50f\" data-element_type=\"container\">\n\t\t\t\t\t<div class=\"e-con-inner\">\n\t\t\t\t<div class=\"elementor-element elementor-element-e6d736c elementor-view-default elementor-widget elementor-widget-icon\" data-id=\"e6d736c\" data-element_type=\"widget\" data-widget_type=\"icon.default\">\n\t\t\t\t\t\t\t<div class=\"elementor-icon-wrapper\">\n\t\t\t<div class=\"elementor-icon\">\n\t\t\t<svg aria-hidden=\"true\" class=\"e-font-icon-svg e-far-check-circle\" viewBox=\"0 0 512 512\" xmlns=\"http:\/\/www.w3.org\/2000\/svg\"><path d=\"M256 8C119.033 8 8 119.033 8 256s111.033 248 248 248 248-111.033 248-248S392.967 8 256 8zm0 48c110.532 0 200 89.451 200 200 0 110.532-89.451 200-200 200-110.532 0-200-89.451-200-200 0-110.532 89.451-200 200-200m140.204 130.267l-22.536-22.718c-4.667-4.705-12.265-4.736-16.97-.068L215.346 303.697l-59.792-60.277c-4.667-4.705-12.265-4.736-16.97-.069l-22.719 22.536c-4.705 4.667-4.736 12.265-.068 16.971l90.781 91.516c4.667 4.705 12.265 4.736 16.97.068l172.589-171.204c4.704-4.668 4.734-12.266.067-16.971z\"><\/path><\/svg>\t\t\t<\/div>\n\t\t<\/div>\n\t\t\t\t\t\t<\/div>\n\t\t\t\t<div class=\"elementor-element elementor-element-72036893 elementor-widget elementor-widget-text-editor\" data-id=\"72036893\" data-element_type=\"widget\" data-widget_type=\"text-editor.default\">\n\t\t\t\t\t\t\t\t\t<h3><span style=\"color: #0ac429;\">Tw\u00f3j formularz zosta\u0142 pomy\u015blnie wys\u0142any.<\/span><\/h3><h3>Dzi\u0119kujemy za zainteresowanie!<\/h3>\t\t\t\t\t\t\t\t<\/div>\n\t\t\t\t<div class=\"elementor-element elementor-element-11e761e elementor-widget elementor-widget-text-editor\" data-id=\"11e761e\" data-element_type=\"widget\" data-widget_type=\"text-editor.default\">\n\t\t\t\t\t\t\t\t\t<p style=\"text-align: center;\">Wkr\u00f3tce skontaktuje si\u0119 z Pa\u0144stwem nasz zesp\u00f3\u0142, aby potwierdzi\u0107 podstawowe informacje i przekaza\u0107 Pa\u0144stwa zg\u0142oszenie certyfikowanemu partnerowi instalacyjnemu w Pa\u0144stwa regionie. Partner przygotuje dla Pa\u0144stwa <strong>niezobowi\u0105zuj\u0105c\u0105 ofert\u0119 cenow\u0105<\/strong> oraz <strong>bezp\u0142atny projekt systemu<\/strong> wraz ze schematem i zweryfikuje poprawno\u015b\u0107 doboru rozwi\u0105zania dla Pa\u0144stwa domu.<\/p>\t\t\t\t\t\t\t\t<\/div>\n\t\t\t\t<div class=\"elementor-element elementor-element-3237a8a1 elementor-widget elementor-widget-image\" data-id=\"3237a8a1\" data-element_type=\"widget\" data-widget_type=\"image.default\">\n\t\t\t\t\t\t\t\t\t\t\t\t\t\t\t<img fetchpriority=\"high\" decoding=\"async\" width=\"1344\" height=\"1100\" src=\"https:\/\/nord-solution.com\/wp-content\/uploads\/2025\/12\/ecocloud-mobil-new-big.jpg\" class=\"attachment-full size-full wp-image-28872\" alt=\"\" srcset=\"https:\/\/nord-solution.com\/wp-content\/uploads\/2025\/12\/ecocloud-mobil-new-big.jpg 1344w, https:\/\/nord-solution.com\/wp-content\/uploads\/2025\/12\/ecocloud-mobil-new-big-300x246.jpg 300w, https:\/\/nord-solution.com\/wp-content\/uploads\/2025\/12\/ecocloud-mobil-new-big-1024x838.jpg 1024w, https:\/\/nord-solution.com\/wp-content\/uploads\/2025\/12\/ecocloud-mobil-new-big-768x629.jpg 768w, https:\/\/nord-solution.com\/wp-content\/uploads\/2025\/12\/ecocloud-mobil-new-big-600x491.jpg 600w\" sizes=\"(max-width: 1344px) 100vw, 1344px\" \/>\t\t\t\t\t\t\t\t\t\t\t\t\t\t\t<\/div>\n\t\t\t\t<div class=\"elementor-element elementor-element-1765376 elementor-widget elementor-widget-spacer\" data-id=\"1765376\" data-element_type=\"widget\" data-widget_type=\"spacer.default\">\n\t\t\t\t\t\t\t<div class=\"elementor-spacer\">\n\t\t\t<div class=\"elementor-spacer-inner\"><\/div>\n\t\t<\/div>\n\t\t\t\t\t\t<\/div>\n\t\t\t\t\t<\/div>\n\t\t\t\t<\/div>\n\t\t\t\t<section class=\"elementor-section elementor-top-section elementor-element elementor-element-6c2ab642 elementor-section-height-min-height elementor-section-boxed elementor-section-height-default elementor-section-items-middle\" data-id=\"6c2ab642\" data-element_type=\"section\" data-settings=\"{&quot;background_background&quot;:&quot;classic&quot;}\">\n\t\t\t\t\t\t<div class=\"elementor-container elementor-column-gap-no\">\n\t\t\t\t\t<div class=\"elementor-column elementor-col-100 elementor-top-column elementor-element elementor-element-5e81b162\" data-id=\"5e81b162\" data-element_type=\"column\">\n\t\t\t<div class=\"elementor-widget-wrap elementor-element-populated\">\n\t\t\t\t\t\t<div class=\"elementor-element elementor-element-776c4774 elementor-widget elementor-widget-text-editor\" data-id=\"776c4774\" data-element_type=\"widget\" data-widget_type=\"text-editor.default\">\n\t\t\t\t\t\t\t\t\t<h4 style=\"text-align: center;\"><strong>Co jeszcze mo\u017ce Pa\u0144stwa zainteresowa\u0107?<\/strong><\/h4>\t\t\t\t\t\t\t\t<\/div>\n\t\t\t\t<section class=\"elementor-section elementor-inner-section elementor-element elementor-element-2cef6f29 elementor-section-boxed elementor-section-height-default elementor-section-height-default\" data-id=\"2cef6f29\" data-element_type=\"section\">\n\t\t\t\t\t\t<div class=\"elementor-container elementor-column-gap-default\">\n\t\t\t\t\t<div class=\"elementor-column elementor-col-50 elementor-inner-column elementor-element elementor-element-32a300f5\" data-id=\"32a300f5\" data-element_type=\"column\">\n\t\t\t<div class=\"elementor-widget-wrap elementor-element-populated\">\n\t\t\t\t\t\t<div class=\"elementor-element elementor-element-215587d9 elementor-mobile-align-justify animated-fast elementor-align-center elementor-invisible elementor-widget elementor-widget-button\" data-id=\"215587d9\" data-element_type=\"widget\" data-settings=\"{&quot;_animation&quot;:&quot;fadeIn&quot;,&quot;_animation_delay&quot;:400}\" data-widget_type=\"button.default\">\n\t\t\t\t\t\t\t\t\t\t<a class=\"elementor-button elementor-button-link elementor-size-sm elementor-animation-grow\" href=\"https:\/\/nord-solution.com\/index.php\/pl\/inteligentny-dom-nord\/\" target=\"_blank\">\n\t\t\t\t\t\t<span class=\"elementor-button-content-wrapper\">\n\t\t\t\t\t\t\t\t\t<span class=\"elementor-button-text\">Inteligentny dom NORD<\/span>\n\t\t\t\t\t<\/span>\n\t\t\t\t\t<\/a>\n\t\t\t\t\t\t\t\t<\/div>\n\t\t\t\t\t<\/div>\n\t\t<\/div>\n\t\t\t\t<div class=\"elementor-column elementor-col-50 elementor-inner-column elementor-element elementor-element-3b3257b6\" data-id=\"3b3257b6\" data-element_type=\"column\">\n\t\t\t<div class=\"elementor-widget-wrap elementor-element-populated\">\n\t\t\t\t\t\t<div class=\"elementor-element elementor-element-959e0ac elementor-mobile-align-justify animated-fast elementor-align-center elementor-invisible elementor-widget elementor-widget-button\" data-id=\"959e0ac\" data-element_type=\"widget\" data-settings=\"{&quot;_animation&quot;:&quot;fadeIn&quot;,&quot;_animation_delay&quot;:400}\" data-widget_type=\"button.default\">\n\t\t\t\t\t\t\t\t\t\t<a class=\"elementor-button elementor-button-link elementor-size-sm elementor-animation-grow\" href=\"https:\/\/nord-solution.com\/index.php\/pl\/warunki-promocji\" target=\"_blank\">\n\t\t\t\t\t\t<span class=\"elementor-button-content-wrapper\">\n\t\t\t\t\t\t\t\t\t<span class=\"elementor-button-text\">Warunki promocji<\/span>\n\t\t\t\t\t<\/span>\n\t\t\t\t\t<\/a>\n\t\t\t\t\t\t\t\t<\/div>\n\t\t\t\t\t<\/div>\n\t\t<\/div>\n\t\t\t\t\t<\/div>\n\t\t<\/section>\n\t\t\t\t\t<\/div>\n\t\t<\/div>\n\t\t\t\t\t<\/div>\n\t\t<\/section>\n\t\t\t\t<\/div>\n\t\t","protected":false},"excerpt":{"rendered":"<p>Tw\u00f3j formularz zosta\u0142 pomy\u015blnie wys\u0142any. Dzi\u0119kujemy za zainteresowanie! Wkr\u00f3tce skontaktuje si\u0119 z Pa\u0144stwem nasz zesp\u00f3\u0142, aby potwierdzi\u0107 podstawowe informacje i przekaza\u0107 Pa\u0144stwa zg\u0142oszenie certyfikowanemu partnerowi instalacyjnemu w Pa\u0144stwa regionie. Partner przygotuje dla Pa\u0144stwa niezobowi\u0105zuj\u0105c\u0105 ofert\u0119 cenow\u0105 oraz bezp\u0142atny projekt systemu wraz ze schematem i zweryfikuje poprawno\u015b\u0107 doboru rozwi\u0105zania dla Pa\u0144stwa domu. Co jeszcze mo\u017ce Pa\u0144stwa [&hellip;]<\/p>\n","protected":false},"author":1,"featured_media":0,"parent":0,"menu_order":0,"comment_status":"closed","ping_status":"closed","template":"","meta":{"om_disable_all_campaigns":false,"_monsterinsights_skip_tracking":false,"_monsterinsights_sitenote_active":false,"_monsterinsights_sitenote_note":"","_monsterinsights_sitenote_category":0,"footnotes":""},"_links":{"self":[{"href":"https:\/\/nord-solution.com\/index.php\/wp-json\/wp\/v2\/pages\/28948"}],"collection":[{"href":"https:\/\/nord-solution.com\/index.php\/wp-json\/wp\/v2\/pages"}],"about":[{"href":"https:\/\/nord-solution.com\/index.php\/wp-json\/wp\/v2\/types\/page"}],"author":[{"embeddable":true,"href":"https:\/\/nord-solution.com\/index.php\/wp-json\/wp\/v2\/users\/1"}],"replies":[{"embeddable":true,"href":"https:\/\/nord-solution.com\/index.php\/wp-json\/wp\/v2\/comments?post=28948"}],"version-history":[{"count":10,"href":"https:\/\/nord-solution.com\/index.php\/wp-json\/wp\/v2\/pages\/28948\/revisions"}],"predecessor-version":[{"id":29023,"href":"https:\/\/nord-solution.com\/index.php\/wp-json\/wp\/v2\/pages\/28948\/revisions\/29023"}],"wp:attachment":[{"href":"https:\/\/nord-solution.com\/index.php\/wp-json\/wp\/v2\/media?parent=28948"}],"curies":[{"name":"wp","href":"https:\/\/api.w.org\/{rel}","templated":true}]}}