{"id":28755,"date":"2025-12-03T10:23:45","date_gmt":"2025-12-03T09:23:45","guid":{"rendered":"https:\/\/nord-solution.com\/?page_id=28755"},"modified":"2025-12-03T15:47:12","modified_gmt":"2025-12-03T14:47:12","slug":"dekujeme-za-poptavku-en","status":"publish","type":"page","link":"https:\/\/nord-solution.com\/index.php\/dekujeme-za-poptavku-en\/","title":{"rendered":"d\u011bkujeme za popt\u00e1vku"},"content":{"rendered":"\t\t<div data-elementor-type=\"wp-page\" data-elementor-id=\"28755\" class=\"elementor elementor-28755\" data-elementor-post-type=\"page\">\n\t\t\t\t<div class=\"elementor-element elementor-element-1e01b50f e-flex e-con-boxed e-con e-parent\" data-id=\"1e01b50f\" data-element_type=\"container\">\n\t\t\t\t\t<div class=\"e-con-inner\">\n\t\t\t\t<div class=\"elementor-element elementor-element-e6d736c elementor-view-default elementor-widget elementor-widget-icon\" data-id=\"e6d736c\" data-element_type=\"widget\" data-widget_type=\"icon.default\">\n\t\t\t\t\t\t\t<div class=\"elementor-icon-wrapper\">\n\t\t\t<div class=\"elementor-icon\">\n\t\t\t<svg aria-hidden=\"true\" class=\"e-font-icon-svg e-far-check-circle\" viewBox=\"0 0 512 512\" xmlns=\"http:\/\/www.w3.org\/2000\/svg\"><path d=\"M256 8C119.033 8 8 119.033 8 256s111.033 248 248 248 248-111.033 248-248S392.967 8 256 8zm0 48c110.532 0 200 89.451 200 200 0 110.532-89.451 200-200 200-110.532 0-200-89.451-200-200 0-110.532 89.451-200 200-200m140.204 130.267l-22.536-22.718c-4.667-4.705-12.265-4.736-16.97-.068L215.346 303.697l-59.792-60.277c-4.667-4.705-12.265-4.736-16.97-.069l-22.719 22.536c-4.705 4.667-4.736 12.265-.068 16.971l90.781 91.516c4.667 4.705 12.265 4.736 16.97.068l172.589-171.204c4.704-4.668 4.734-12.266.067-16.971z\"><\/path><\/svg>\t\t\t<\/div>\n\t\t<\/div>\n\t\t\t\t\t\t<\/div>\n\t\t\t\t<div class=\"elementor-element elementor-element-72036893 elementor-widget elementor-widget-text-editor\" data-id=\"72036893\" data-element_type=\"widget\" data-widget_type=\"text-editor.default\">\n\t\t\t\t\t\t\t\t\t<h3><span style=\"color: #0ac429;\">V\u00e1\u0161 formul\u00e1\u0159 byl \u00fasp\u011b\u0161n\u011b odesl\u00e1n.<\/span><\/h3><h3>D\u011bkujeme za v\u00e1\u0161 z\u00e1jem!<\/h3>\t\t\t\t\t\t\t\t<\/div>\n\t\t\t\t<div class=\"elementor-element elementor-element-11e761e elementor-widget elementor-widget-text-editor\" data-id=\"11e761e\" data-element_type=\"widget\" data-widget_type=\"text-editor.default\">\n\t\t\t\t\t\t\t\t\t<p style=\"text-align: center;\">Brzy v\u00e1s bude kontaktovat n\u00e1\u0161 t\u00fdm, aby ov\u011b\u0159il z\u00e1kladn\u00ed informace a p\u0159edal v\u00e1\u0161 po\u017eadavek certifikovan\u00e9mu instala\u010dn\u00edmu partnerovi ve va\u0161em regionu. Partner v\u00e1m n\u00e1sledn\u011b p\u0159iprav\u00ed <strong>nez\u00e1vaznou cenovou nab\u00eddku<\/strong> a <strong>n\u00e1vrh syst\u00e9mu zdarma<\/strong> v\u010detn\u011b sch\u00e9matu, a ov\u011b\u0159\u00ed vhodnost \u0159e\u0161en\u00ed pro v\u00e1\u0161 d\u016fm.<\/p>\t\t\t\t\t\t\t\t<\/div>\n\t\t\t\t<div class=\"elementor-element elementor-element-3237a8a1 elementor-widget elementor-widget-image\" data-id=\"3237a8a1\" data-element_type=\"widget\" data-widget_type=\"image.default\">\n\t\t\t\t\t\t\t\t\t\t\t\t\t\t\t<img fetchpriority=\"high\" decoding=\"async\" width=\"1344\" height=\"1100\" src=\"https:\/\/nord-solution.com\/wp-content\/uploads\/2025\/12\/ecocloud-mobil-new-big.jpg\" class=\"attachment-full size-full wp-image-28872\" alt=\"\" srcset=\"https:\/\/nord-solution.com\/wp-content\/uploads\/2025\/12\/ecocloud-mobil-new-big.jpg 1344w, https:\/\/nord-solution.com\/wp-content\/uploads\/2025\/12\/ecocloud-mobil-new-big-300x246.jpg 300w, https:\/\/nord-solution.com\/wp-content\/uploads\/2025\/12\/ecocloud-mobil-new-big-1024x838.jpg 1024w, https:\/\/nord-solution.com\/wp-content\/uploads\/2025\/12\/ecocloud-mobil-new-big-768x629.jpg 768w, https:\/\/nord-solution.com\/wp-content\/uploads\/2025\/12\/ecocloud-mobil-new-big-600x491.jpg 600w\" sizes=\"(max-width: 1344px) 100vw, 1344px\" \/>\t\t\t\t\t\t\t\t\t\t\t\t\t\t\t<\/div>\n\t\t\t\t<div class=\"elementor-element elementor-element-1765376 elementor-widget elementor-widget-spacer\" data-id=\"1765376\" data-element_type=\"widget\" data-widget_type=\"spacer.default\">\n\t\t\t\t\t\t\t<div class=\"elementor-spacer\">\n\t\t\t<div class=\"elementor-spacer-inner\"><\/div>\n\t\t<\/div>\n\t\t\t\t\t\t<\/div>\n\t\t\t\t\t<\/div>\n\t\t\t\t<\/div>\n\t\t\t\t<section class=\"elementor-section elementor-top-section elementor-element elementor-element-6c2ab642 elementor-section-height-min-height elementor-section-boxed elementor-section-height-default elementor-section-items-middle\" data-id=\"6c2ab642\" data-element_type=\"section\" data-settings=\"{&quot;background_background&quot;:&quot;classic&quot;}\">\n\t\t\t\t\t\t<div class=\"elementor-container elementor-column-gap-no\">\n\t\t\t\t\t<div class=\"elementor-column elementor-col-100 elementor-top-column elementor-element elementor-element-5e81b162\" data-id=\"5e81b162\" data-element_type=\"column\">\n\t\t\t<div class=\"elementor-widget-wrap elementor-element-populated\">\n\t\t\t\t\t\t<div class=\"elementor-element elementor-element-776c4774 elementor-widget elementor-widget-text-editor\" data-id=\"776c4774\" data-element_type=\"widget\" data-widget_type=\"text-editor.default\">\n\t\t\t\t\t\t\t\t\t<h4 style=\"text-align: center;\"><strong>Co by v\u00e1s mohlo zaj\u00edmat d\u00e1l?<\/strong><\/h4>\t\t\t\t\t\t\t\t<\/div>\n\t\t\t\t<section class=\"elementor-section elementor-inner-section elementor-element elementor-element-2cef6f29 elementor-section-boxed elementor-section-height-default elementor-section-height-default\" data-id=\"2cef6f29\" data-element_type=\"section\">\n\t\t\t\t\t\t<div class=\"elementor-container elementor-column-gap-default\">\n\t\t\t\t\t<div class=\"elementor-column elementor-col-33 elementor-inner-column elementor-element elementor-element-32a300f5\" data-id=\"32a300f5\" data-element_type=\"column\">\n\t\t\t<div class=\"elementor-widget-wrap elementor-element-populated\">\n\t\t\t\t\t\t<div class=\"elementor-element elementor-element-215587d9 elementor-mobile-align-justify animated-fast elementor-align-center elementor-invisible elementor-widget elementor-widget-button\" data-id=\"215587d9\" data-element_type=\"widget\" data-settings=\"{&quot;_animation&quot;:&quot;fadeIn&quot;,&quot;_animation_delay&quot;:400}\" data-widget_type=\"button.default\">\n\t\t\t\t\t\t\t\t\t\t<a class=\"elementor-button elementor-button-link elementor-size-sm elementor-animation-grow\" href=\"https:\/\/nord-solution.com\/index.php\/cs\/inteligentni-domov-nord\/\" target=\"_blank\">\n\t\t\t\t\t\t<span class=\"elementor-button-content-wrapper\">\n\t\t\t\t\t\t\t\t\t<span class=\"elementor-button-text\">Inteligentn\u00ed domov NORD<\/span>\n\t\t\t\t\t<\/span>\n\t\t\t\t\t<\/a>\n\t\t\t\t\t\t\t\t<\/div>\n\t\t\t\t\t<\/div>\n\t\t<\/div>\n\t\t\t\t<div class=\"elementor-column elementor-col-33 elementor-inner-column elementor-element elementor-element-3b3257b6\" data-id=\"3b3257b6\" data-element_type=\"column\">\n\t\t\t<div class=\"elementor-widget-wrap elementor-element-populated\">\n\t\t\t\t\t\t<div class=\"elementor-element elementor-element-959e0ac elementor-mobile-align-justify animated-fast elementor-align-center elementor-invisible elementor-widget elementor-widget-button\" data-id=\"959e0ac\" data-element_type=\"widget\" data-settings=\"{&quot;_animation&quot;:&quot;fadeIn&quot;,&quot;_animation_delay&quot;:400}\" data-widget_type=\"button.default\">\n\t\t\t\t\t\t\t\t\t\t<a class=\"elementor-button elementor-button-link elementor-size-sm elementor-animation-grow\" href=\"https:\/\/nord-solution.com\/index.php\/cs\/podminky-akce\/\" target=\"_blank\">\n\t\t\t\t\t\t<span class=\"elementor-button-content-wrapper\">\n\t\t\t\t\t\t\t\t\t<span class=\"elementor-button-text\">Podm\u00ednky akce<\/span>\n\t\t\t\t\t<\/span>\n\t\t\t\t\t<\/a>\n\t\t\t\t\t\t\t\t<\/div>\n\t\t\t\t\t<\/div>\n\t\t<\/div>\n\t\t\t\t<div class=\"elementor-column elementor-col-33 elementor-inner-column elementor-element elementor-element-7bd53319\" data-id=\"7bd53319\" data-element_type=\"column\">\n\t\t\t<div class=\"elementor-widget-wrap elementor-element-populated\">\n\t\t\t\t\t\t<div class=\"elementor-element elementor-element-5e12806 elementor-mobile-align-justify animated-fast elementor-align-center elementor-invisible elementor-widget elementor-widget-button\" data-id=\"5e12806\" data-element_type=\"widget\" data-settings=\"{&quot;_animation&quot;:&quot;fadeIn&quot;,&quot;_animation_delay&quot;:400}\" data-widget_type=\"button.default\">\n\t\t\t\t\t\t\t\t\t\t<a class=\"elementor-button elementor-button-link elementor-size-sm elementor-animation-grow\" href=\"https:\/\/nord-solution.com\/index.php\/cs\/mapa-partnerskych-firem\/\" target=\"_blank\">\n\t\t\t\t\t\t<span class=\"elementor-button-content-wrapper\">\n\t\t\t\t\t\t\t\t\t<span class=\"elementor-button-text\">Instala\u010dn\u00ed a servisn\u00ed firmy<\/span>\n\t\t\t\t\t<\/span>\n\t\t\t\t\t<\/a>\n\t\t\t\t\t\t\t\t<\/div>\n\t\t\t\t\t<\/div>\n\t\t<\/div>\n\t\t\t\t\t<\/div>\n\t\t<\/section>\n\t\t\t\t\t<\/div>\n\t\t<\/div>\n\t\t\t\t\t<\/div>\n\t\t<\/section>\n\t\t\t\t<\/div>\n\t\t","protected":false},"excerpt":{"rendered":"<p>V\u00e1\u0161 formul\u00e1\u0159 byl \u00fasp\u011b\u0161n\u011b odesl\u00e1n. D\u011bkujeme za v\u00e1\u0161 z\u00e1jem! Brzy v\u00e1s bude kontaktovat n\u00e1\u0161 t\u00fdm, aby ov\u011b\u0159il z\u00e1kladn\u00ed informace a p\u0159edal v\u00e1\u0161 po\u017eadavek certifikovan\u00e9mu instala\u010dn\u00edmu partnerovi ve va\u0161em regionu. Partner v\u00e1m n\u00e1sledn\u011b p\u0159iprav\u00ed nez\u00e1vaznou cenovou nab\u00eddku a n\u00e1vrh syst\u00e9mu zdarma v\u010detn\u011b sch\u00e9matu, a ov\u011b\u0159\u00ed vhodnost \u0159e\u0161en\u00ed pro v\u00e1\u0161 d\u016fm. Co by v\u00e1s mohlo zaj\u00edmat d\u00e1l? [&hellip;]<\/p>\n","protected":false},"author":1,"featured_media":0,"parent":0,"menu_order":0,"comment_status":"closed","ping_status":"closed","template":"","meta":{"om_disable_all_campaigns":false,"_monsterinsights_skip_tracking":false,"_monsterinsights_sitenote_active":false,"_monsterinsights_sitenote_note":"","_monsterinsights_sitenote_category":0,"footnotes":""},"_links":{"self":[{"href":"https:\/\/nord-solution.com\/index.php\/wp-json\/wp\/v2\/pages\/28755"}],"collection":[{"href":"https:\/\/nord-solution.com\/index.php\/wp-json\/wp\/v2\/pages"}],"about":[{"href":"https:\/\/nord-solution.com\/index.php\/wp-json\/wp\/v2\/types\/page"}],"author":[{"embeddable":true,"href":"https:\/\/nord-solution.com\/index.php\/wp-json\/wp\/v2\/users\/1"}],"replies":[{"embeddable":true,"href":"https:\/\/nord-solution.com\/index.php\/wp-json\/wp\/v2\/comments?post=28755"}],"version-history":[{"count":10,"href":"https:\/\/nord-solution.com\/index.php\/wp-json\/wp\/v2\/pages\/28755\/revisions"}],"predecessor-version":[{"id":28923,"href":"https:\/\/nord-solution.com\/index.php\/wp-json\/wp\/v2\/pages\/28755\/revisions\/28923"}],"wp:attachment":[{"href":"https:\/\/nord-solution.com\/index.php\/wp-json\/wp\/v2\/media?parent=28755"}],"curies":[{"name":"wp","href":"https:\/\/api.w.org\/{rel}","templated":true}]}}