{"id":13634,"date":"2025-01-03T15:36:28","date_gmt":"2025-01-03T14:36:28","guid":{"rendered":"https:\/\/nord-solution.com\/?page_id=13634"},"modified":"2026-04-27T11:20:29","modified_gmt":"2026-04-27T09:20:29","slug":"mapa-partnerskych-firem","status":"publish","type":"page","link":"https:\/\/nord-solution.com\/index.php\/cs\/mapa-partnerskych-firem\/","title":{"rendered":"Mapa partnersk\u00fdch firem"},"content":{"rendered":"\t\t<div data-elementor-type=\"wp-page\" data-elementor-id=\"13634\" class=\"elementor elementor-13634\" data-elementor-post-type=\"page\">\n\t\t\t\t<div class=\"elementor-element elementor-element-11d1478d e-con-full e-flex e-con e-parent\" data-id=\"11d1478d\" data-element_type=\"container\">\n\t\t\t\t<div class=\"elementor-element elementor-element-ff4a62f elementor-widget elementor-widget-spacer\" data-id=\"ff4a62f\" data-element_type=\"widget\" data-widget_type=\"spacer.default\">\n\t\t\t\t\t\t\t<div class=\"elementor-spacer\">\n\t\t\t<div class=\"elementor-spacer-inner\"><\/div>\n\t\t<\/div>\n\t\t\t\t\t\t<\/div>\n\t\t\t\t<div class=\"elementor-element elementor-element-3d49d96 elementor-widget elementor-widget-heading\" data-id=\"3d49d96\" data-element_type=\"widget\" data-widget_type=\"heading.default\">\n\t\t\t\t\t<h2 class=\"elementor-heading-title elementor-size-default\">Instala\u010dn\u00ed a servisn\u00ed firmy NORD HT<\/h2>\t\t\t\t<\/div>\n\t\t\t\t<div class=\"elementor-element elementor-element-073e993 elementor-widget elementor-widget-spacer\" data-id=\"073e993\" data-element_type=\"widget\" data-widget_type=\"spacer.default\">\n\t\t\t\t\t\t\t<div class=\"elementor-spacer\">\n\t\t\t<div class=\"elementor-spacer-inner\"><\/div>\n\t\t<\/div>\n\t\t\t\t\t\t<\/div>\n\t\t\t\t<\/div>\n\t\t\t\t<section class=\"elementor-section elementor-top-section elementor-element elementor-element-4646dd79 elementor-section-height-min-height elementor-section-boxed elementor-section-height-default elementor-section-items-middle\" data-id=\"4646dd79\" data-element_type=\"section\" data-settings=\"{&quot;background_background&quot;:&quot;classic&quot;}\">\n\t\t\t\t\t\t<div class=\"elementor-container elementor-column-gap-no\">\n\t\t\t\t\t<div class=\"elementor-column elementor-col-100 elementor-top-column elementor-element elementor-element-262b6cb6\" data-id=\"262b6cb6\" data-element_type=\"column\">\n\t\t\t<div class=\"elementor-widget-wrap elementor-element-populated\">\n\t\t\t\t\t\t<section class=\"elementor-section elementor-inner-section elementor-element elementor-element-5daa8bb8 elementor-section-boxed elementor-section-height-default elementor-section-height-default\" data-id=\"5daa8bb8\" data-element_type=\"section\">\n\t\t\t\t\t\t<div class=\"elementor-container elementor-column-gap-default\">\n\t\t\t\t\t<div class=\"elementor-column elementor-col-100 elementor-inner-column elementor-element elementor-element-2ae091b3\" data-id=\"2ae091b3\" data-element_type=\"column\">\n\t\t\t<div class=\"elementor-widget-wrap elementor-element-populated\">\n\t\t\t\t\t\t<div class=\"elementor-element elementor-element-951e5a4 elementor-mobile-align-justify animated-fast elementor-align-center elementor-invisible elementor-widget elementor-widget-button\" data-id=\"951e5a4\" data-element_type=\"widget\" data-settings=\"{&quot;_animation&quot;:&quot;fadeIn&quot;,&quot;_animation_delay&quot;:400}\" data-widget_type=\"button.default\">\n\t\t\t\t\t\t\t\t\t\t<a class=\"elementor-button elementor-button-link elementor-size-sm elementor-animation-grow\" href=\"https:\/\/nord-solution.com\/index.php\/cs\/chci-se-stat-partnerem\" target=\"_blank\">\n\t\t\t\t\t\t<span class=\"elementor-button-content-wrapper\">\n\t\t\t\t\t\t\t\t\t<span class=\"elementor-button-text\">Chci se st\u00e1t partnerem<\/span>\n\t\t\t\t\t<\/span>\n\t\t\t\t\t<\/a>\n\t\t\t\t\t\t\t\t<\/div>\n\t\t\t\t\t<\/div>\n\t\t<\/div>\n\t\t\t\t\t<\/div>\n\t\t<\/section>\n\t\t\t\t\t<\/div>\n\t\t<\/div>\n\t\t\t\t\t<\/div>\n\t\t<\/section>\n\t\t<div class=\"elementor-element elementor-element-df5254b e-con-full e-flex e-con e-parent\" data-id=\"df5254b\" data-element_type=\"container\">\n\t\t\t\t<div class=\"elementor-element elementor-element-c24bf35 elementor-widget__width-inherit elementor-widget elementor-widget-html\" data-id=\"c24bf35\" data-element_type=\"widget\" data-widget_type=\"html.default\">\n\t\t\t\t\t<iframe src=\"https:\/\/partner.nord-solution.com\/ServiceMapIframe?lang=cs\" width=\"1440\" height=\"1200\" style=\"border: none;\"><\/iframe>\t\t\t\t<\/div>\n\t\t\t\t<\/div>\n\t\t<div class=\"elementor-element elementor-element-0d89ba4 e-flex e-con-boxed e-con e-parent\" data-id=\"0d89ba4\" data-element_type=\"container\">\n\t\t\t\t\t<div class=\"e-con-inner\">\n\t\t\t\t<div class=\"elementor-element elementor-element-8caace8 elementor-widget elementor-widget-text-editor\" data-id=\"8caace8\" data-element_type=\"widget\" data-widget_type=\"text-editor.default\">\n\t\t\t\t\t\t\t\t\t<h2 style=\"text-align: center;\"><strong>M\u00e1te z\u00e1jem o technologie NORD?<\/strong><\/h2><p style=\"text-align: center;\">Vyfiltrujte si zda hled\u00e1te instala\u010dn\u00ed nebo servisn\u00ed firmu (vlevo naho\u0159e), vyberte kraj ve kter\u00e9m se\u00a0 nach\u00e1z\u00edte (vpravo naho\u0159e),<\/p><p style=\"text-align: center;\">a pomoc\u00ed kliknut\u00ed na dan\u00e9 m\u00edsto se v\u00e1m uk\u00e1\u017ee nejbli\u017e\u0161\u00ed ov\u011b\u0159en\u00e1 partnersk\u00e1 firma, kter\u00e1 se o v\u00e1s postar\u00e1.\u00a0<\/p><p style=\"text-align: center;\">\u00a0<\/p><p style=\"text-align: center;\">V\u0161echny partnersk\u00e9 firmy byly pro\u0161koleny a maj\u00ed certifik\u00e1t k \u0159e\u0161en\u00ed technologi\u00ed <strong>NORD<\/strong>.<\/p><p style=\"text-align: center;\">\u00a0<\/p>\t\t\t\t\t\t\t\t<\/div>\n\t\t\t\t\t<\/div>\n\t\t\t\t<\/div>\n\t\t\t\t<\/div>\n\t\t","protected":false},"excerpt":{"rendered":"<p>Instala\u010dn\u00ed a servisn\u00ed firmy NORD HT Chci se st\u00e1t partnerem M\u00e1te z\u00e1jem o technologie NORD? Vyfiltrujte si zda hled\u00e1te instala\u010dn\u00ed nebo servisn\u00ed firmu (vlevo naho\u0159e), vyberte kraj ve kter\u00e9m se\u00a0 nach\u00e1z\u00edte (vpravo naho\u0159e), a pomoc\u00ed kliknut\u00ed na dan\u00e9 m\u00edsto se v\u00e1m uk\u00e1\u017ee nejbli\u017e\u0161\u00ed ov\u011b\u0159en\u00e1 partnersk\u00e1 firma, kter\u00e1 se o v\u00e1s postar\u00e1.\u00a0 \u00a0 V\u0161echny partnersk\u00e9 firmy [&hellip;]<\/p>\n","protected":false},"author":1,"featured_media":0,"parent":0,"menu_order":0,"comment_status":"closed","ping_status":"closed","template":"","meta":{"om_disable_all_campaigns":false,"_monsterinsights_skip_tracking":false,"_monsterinsights_sitenote_active":false,"_monsterinsights_sitenote_note":"","_monsterinsights_sitenote_category":0,"footnotes":""},"_links":{"self":[{"href":"https:\/\/nord-solution.com\/index.php\/wp-json\/wp\/v2\/pages\/13634"}],"collection":[{"href":"https:\/\/nord-solution.com\/index.php\/wp-json\/wp\/v2\/pages"}],"about":[{"href":"https:\/\/nord-solution.com\/index.php\/wp-json\/wp\/v2\/types\/page"}],"author":[{"embeddable":true,"href":"https:\/\/nord-solution.com\/index.php\/wp-json\/wp\/v2\/users\/1"}],"replies":[{"embeddable":true,"href":"https:\/\/nord-solution.com\/index.php\/wp-json\/wp\/v2\/comments?post=13634"}],"version-history":[{"count":10,"href":"https:\/\/nord-solution.com\/index.php\/wp-json\/wp\/v2\/pages\/13634\/revisions"}],"predecessor-version":[{"id":33367,"href":"https:\/\/nord-solution.com\/index.php\/wp-json\/wp\/v2\/pages\/13634\/revisions\/33367"}],"wp:attachment":[{"href":"https:\/\/nord-solution.com\/index.php\/wp-json\/wp\/v2\/media?parent=13634"}],"curies":[{"name":"wp","href":"https:\/\/api.w.org\/{rel}","templated":true}]}}