{"id":13293,"date":"2024-12-16T12:55:18","date_gmt":"2024-12-16T11:55:18","guid":{"rendered":"https:\/\/nord-solution.com\/?page_id=13293"},"modified":"2026-04-01T14:16:43","modified_gmt":"2026-04-01T12:16:43","slug":"poptavkovy-formular","status":"publish","type":"page","link":"https:\/\/nord-solution.com\/index.php\/cs\/poptavkovy-formular\/","title":{"rendered":"popt\u00e1vkov\u00fd formul\u00e1\u0159"},"content":{"rendered":"\t\t<div data-elementor-type=\"wp-page\" data-elementor-id=\"13293\" class=\"elementor elementor-13293\" data-elementor-post-type=\"page\">\n\t\t\t\t\t\t<section class=\"elementor-section elementor-inner-section elementor-element elementor-element-b42e39f elementor-section-content-middle elementor-section-boxed elementor-section-height-default elementor-section-height-default\" data-id=\"b42e39f\" data-element_type=\"section\">\n\t\t\t\t\t\t<div class=\"elementor-container elementor-column-gap-no\">\n\t\t\t\t\t<div class=\"elementor-column elementor-col-100 elementor-inner-column elementor-element elementor-element-757459d1\" data-id=\"757459d1\" data-element_type=\"column\">\n\t\t\t<div class=\"elementor-widget-wrap elementor-element-populated\">\n\t\t\t\t\t\t<div class=\"elementor-element elementor-element-6b35a3b6 elementor-widget elementor-widget-image\" data-id=\"6b35a3b6\" data-element_type=\"widget\" data-widget_type=\"image.default\">\n\t\t\t\t\t\t\t\t\t\t\t\t\t\t\t\t<a href=\"#formular\">\n\t\t\t\t\t\t\t<img fetchpriority=\"high\" decoding=\"async\" width=\"2560\" height=\"1280\" src=\"https:\/\/nord-solution.com\/wp-content\/uploads\/2024\/12\/NORD-POPTAVKOVY-FORMULAR-2-scaled.jpg\" class=\"attachment-full size-full wp-image-13382\" alt=\"\" srcset=\"https:\/\/nord-solution.com\/wp-content\/uploads\/2024\/12\/NORD-POPTAVKOVY-FORMULAR-2-scaled.jpg 2560w, https:\/\/nord-solution.com\/wp-content\/uploads\/2024\/12\/NORD-POPTAVKOVY-FORMULAR-2-scaled-600x300.jpg 600w, https:\/\/nord-solution.com\/wp-content\/uploads\/2024\/12\/NORD-POPTAVKOVY-FORMULAR-2-300x150.jpg 300w, https:\/\/nord-solution.com\/wp-content\/uploads\/2024\/12\/NORD-POPTAVKOVY-FORMULAR-2-1024x512.jpg 1024w, https:\/\/nord-solution.com\/wp-content\/uploads\/2024\/12\/NORD-POPTAVKOVY-FORMULAR-2-768x384.jpg 768w, https:\/\/nord-solution.com\/wp-content\/uploads\/2024\/12\/NORD-POPTAVKOVY-FORMULAR-2-1536x768.jpg 1536w, https:\/\/nord-solution.com\/wp-content\/uploads\/2024\/12\/NORD-POPTAVKOVY-FORMULAR-2-2048x1024.jpg 2048w, https:\/\/nord-solution.com\/wp-content\/uploads\/2024\/12\/NORD-POPTAVKOVY-FORMULAR-2-500x250.jpg 500w\" sizes=\"(max-width: 2560px) 100vw, 2560px\" \/>\t\t\t\t\t\t\t\t<\/a>\n\t\t\t\t\t\t\t\t\t\t\t\t\t\t\t<\/div>\n\t\t\t\t<div class=\"elementor-element elementor-element-69ebc9c9 elementor-widget elementor-widget-text-editor\" data-id=\"69ebc9c9\" data-element_type=\"widget\" id=\"formular\" data-widget_type=\"text-editor.default\">\n\t\t\t\t\t\t\t\t\t<strong>Objevte jedine\u010dn\u00fd syst\u00e9m NORD HT, kter\u00fd V\u00e1m pom\u016f\u017ee maximalizovat \u00faspory a zv\u00fd\u0161it efektivitu va\u0161eho domu.<\/strong>\n\nPod\u011blte se s n\u00e1mi o sv\u00e9 pl\u00e1ny a pot\u0159eby, a my pro V\u00e1s p\u0159iprav\u00edme \u0159e\u0161en\u00ed na m\u00edru, kter\u00e9 spln\u00ed Va\u0161e o\u010dek\u00e1v\u00e1n\u00ed.\n\nVa\u0161e kontaktn\u00ed \u00fadaje p\u0159ed\u00e1me na\u0161emu nejbli\u017e\u0161\u00edmu odborn\u00e9mu partnerovi\u00a0<strong>NORD HT<\/strong>, kter\u00fd V\u00e1m poskytne profesion\u00e1ln\u00ed poradenstv\u00ed\na zajist\u00ed realizaci projektu ve Va\u0161em regionu.\t\t\t\t\t\t\t\t<\/div>\n\t\t\t\t\t<\/div>\n\t\t<\/div>\n\t\t\t\t\t<\/div>\n\t\t<\/section>\n\t\t<div class=\"elementor-element elementor-element-72a1c754 e-flex e-con-boxed e-con e-parent\" data-id=\"72a1c754\" data-element_type=\"container\">\n\t\t\t\t\t<div class=\"e-con-inner\">\n\t\t\t\t<div class=\"elementor-element elementor-element-6225e88e elementor-button-align-center elementor-widget elementor-widget-form\" data-id=\"6225e88e\" data-element_type=\"widget\" data-settings=\"{&quot;step_next_label&quot;:&quot;Next&quot;,&quot;step_previous_label&quot;:&quot;Previous&quot;,&quot;button_width&quot;:&quot;100&quot;,&quot;step_type&quot;:&quot;number_text&quot;,&quot;step_icon_shape&quot;:&quot;circle&quot;}\" data-widget_type=\"form.default\">\n\t\t\t\t\t\t\t<form class=\"elementor-form\" method=\"post\" name=\"New Form\" aria-label=\"New Form\">\n\t\t\t<input type=\"hidden\" name=\"post_id\" value=\"13293\"\/>\n\t\t\t<input type=\"hidden\" name=\"form_id\" value=\"6225e88e\"\/>\n\t\t\t<input type=\"hidden\" name=\"referer_title\" value=\"popt\u00e1vkov\u00fd formul\u00e1\u0159\" \/>\n\n\t\t\t\t\t\t\t<input type=\"hidden\" name=\"queried_id\" value=\"13293\"\/>\n\t\t\t\n\t\t\t<div class=\"elementor-form-fields-wrapper elementor-labels-\">\n\t\t\t\t\t\t\t\t<div class=\"elementor-field-type-html elementor-field-group elementor-column elementor-field-group-field_02e6a77 elementor-col-100\">\n\t\t\t\t\tTyp a charakter budovy:\t\t\t\t<\/div>\n\t\t\t\t\t\t\t\t<div class=\"elementor-field-type-select elementor-field-group elementor-column elementor-field-group-field_300b326 elementor-col-50\">\n\t\t\t\t\t\t\t\t\t\t\t\t<label for=\"form-field-field_300b326\" class=\"elementor-field-label elementor-screen-only\">\n\t\t\t\t\t\t\t\tTyp budovy:\t\t\t\t\t\t\t<\/label>\n\t\t\t\t\t\t\t\t<div class=\"elementor-field elementor-select-wrapper remove-before \">\n\t\t\t<div class=\"select-caret-down-wrapper\">\n\t\t\t\t<svg aria-hidden=\"true\" class=\"e-font-icon-svg e-eicon-caret-down\" viewBox=\"0 0 571.4 571.4\" xmlns=\"http:\/\/www.w3.org\/2000\/svg\"><path d=\"M571 393Q571 407 561 418L311 668Q300 679 286 679T261 668L11 418Q0 407 0 393T11 368 36 357H536Q550 357 561 368T571 393Z\"><\/path><\/svg>\t\t\t<\/div>\n\t\t\t<select name=\"form_fields[field_300b326]\" id=\"form-field-field_300b326\" class=\"elementor-field-textual elementor-size-xs\">\n\t\t\t\t\t\t\t\t\t<option value=\"Rodinn\u00fd d\u016fm\">Rodinn\u00fd d\u016fm<\/option>\n\t\t\t\t\t\t\t\t\t<option value=\"Byt\">Byt<\/option>\n\t\t\t\t\t\t\t\t\t<option value=\"Bytov\u00fd d\u016fm\">Bytov\u00fd d\u016fm<\/option>\n\t\t\t\t\t\t\t<\/select>\n\t\t<\/div>\n\t\t\t\t\t\t<\/div>\n\t\t\t\t\t\t\t\t<div class=\"elementor-field-type-select elementor-field-group elementor-column elementor-field-group-field_c74b891 elementor-col-50\">\n\t\t\t\t\t\t\t\t\t\t\t\t<label for=\"form-field-field_c74b891\" class=\"elementor-field-label elementor-screen-only\">\n\t\t\t\t\t\t\t\tCharakter budovy:\t\t\t\t\t\t\t<\/label>\n\t\t\t\t\t\t\t\t<div class=\"elementor-field elementor-select-wrapper remove-before \">\n\t\t\t<div class=\"select-caret-down-wrapper\">\n\t\t\t\t<svg aria-hidden=\"true\" class=\"e-font-icon-svg e-eicon-caret-down\" viewBox=\"0 0 571.4 571.4\" xmlns=\"http:\/\/www.w3.org\/2000\/svg\"><path d=\"M571 393Q571 407 561 418L311 668Q300 679 286 679T261 668L11 418Q0 407 0 393T11 368 36 357H536Q550 357 561 368T571 393Z\"><\/path><\/svg>\t\t\t<\/div>\n\t\t\t<select name=\"form_fields[field_c74b891]\" id=\"form-field-field_c74b891\" class=\"elementor-field-textual elementor-size-xs\">\n\t\t\t\t\t\t\t\t\t<option value=\"Novostavba\">Novostavba<\/option>\n\t\t\t\t\t\t\t\t\t<option value=\"Rekonstrukce\">Rekonstrukce<\/option>\n\t\t\t\t\t\t\t<\/select>\n\t\t<\/div>\n\t\t\t\t\t\t<\/div>\n\t\t\t\t\t\t\t\t<div class=\"elementor-field-type-html elementor-field-group elementor-column elementor-field-group-field_a44e062 elementor-col-100\">\n\t\t\t\t\tDopl\u0148uj\u00edc\u00ed informace (nepovinn\u00e9):\t\t\t\t<\/div>\n\t\t\t\t\t\t\t\t<div class=\"elementor-field-type-text elementor-field-group elementor-column elementor-field-group-name elementor-col-50\">\n\t\t\t\t\t\t\t\t\t\t\t\t<label for=\"form-field-name\" class=\"elementor-field-label elementor-screen-only\">\n\t\t\t\t\t\t\t\tPlocha objektu [m\u00b2]\t\t\t\t\t\t\t<\/label>\n\t\t\t\t\t\t\t\t\t\t\t\t\t\t<input size=\"1\" type=\"text\" name=\"form_fields[name]\" id=\"form-field-name\" class=\"elementor-field elementor-size-xs  elementor-field-textual\" placeholder=\"Vyt\u00e1p\u011bn\u00e1 plocha objektu [m\u00b2]\">\n\t\t\t\t\t\t\t\t\t\t\t<\/div>\n\t\t\t\t\t\t\t\t<div class=\"elementor-field-type-text elementor-field-group elementor-column elementor-field-group-field_4cbd34f elementor-col-50\">\n\t\t\t\t\t\t\t\t\t\t\t\t<label for=\"form-field-field_4cbd34f\" class=\"elementor-field-label elementor-screen-only\">\n\t\t\t\t\t\t\t\tPo\u010det m\u00edstnostn\u00ed v dom\u011b\t\t\t\t\t\t\t<\/label>\n\t\t\t\t\t\t\t\t\t\t\t\t\t\t<input size=\"1\" type=\"text\" name=\"form_fields[field_4cbd34f]\" id=\"form-field-field_4cbd34f\" class=\"elementor-field elementor-size-xs  elementor-field-textual\" placeholder=\"Po\u010det m\u00edstnostn\u00ed v dom\u011b\">\n\t\t\t\t\t\t\t\t\t\t\t<\/div>\n\t\t\t\t\t\t\t\t<div class=\"elementor-field-type-text elementor-field-group elementor-column elementor-field-group-field_a56775b elementor-col-50\">\n\t\t\t\t\t\t\t\t\t\t\t\t<label for=\"form-field-field_a56775b\" class=\"elementor-field-label elementor-screen-only\">\n\t\t\t\t\t\t\t\tPo\u010det podla\u017e\u00ed\t\t\t\t\t\t\t<\/label>\n\t\t\t\t\t\t\t\t\t\t\t\t\t\t<input size=\"1\" type=\"text\" name=\"form_fields[field_a56775b]\" id=\"form-field-field_a56775b\" class=\"elementor-field elementor-size-xs  elementor-field-textual\" placeholder=\"Po\u010det podla\u017e\u00ed\">\n\t\t\t\t\t\t\t\t\t\t\t<\/div>\n\t\t\t\t\t\t\t\t<div class=\"elementor-field-type-text elementor-field-group elementor-column elementor-field-group-field_902e49d elementor-col-50\">\n\t\t\t\t\t\t\t\t\t\t\t\t<label for=\"form-field-field_902e49d\" class=\"elementor-field-label elementor-screen-only\">\n\t\t\t\t\t\t\t\tPro bytov\u00e9 domy - po\u010det byt\u016f (nepovinn\u00fd \u00fadaj)\t\t\t\t\t\t\t<\/label>\n\t\t\t\t\t\t\t\t\t\t\t\t\t\t<input size=\"1\" type=\"text\" name=\"form_fields[field_902e49d]\" id=\"form-field-field_902e49d\" class=\"elementor-field elementor-size-xs  elementor-field-textual\" placeholder=\"Pro bytov\u00e9 domy - po\u010det byt\u016f\">\n\t\t\t\t\t\t\t\t\t\t\t<\/div>\n\t\t\t\t\t\t\t\t<div class=\"elementor-field-type-text elementor-field-group elementor-column elementor-field-group-field_a0459ef elementor-col-100\">\n\t\t\t\t\t\t\t\t\t\t\t\t<label for=\"form-field-field_a0459ef\" class=\"elementor-field-label elementor-screen-only\">\n\t\t\t\t\t\t\t\tPro rekonstrukce - typ vyt\u00e1p\u011bn\u00ed (radi\u00e1tory, podlahov\u00e9 vyt\u00e1p\u011bn\u00ed, jin\u00e9)\t\t\t\t\t\t\t<\/label>\n\t\t\t\t\t\t\t\t\t\t\t\t\t\t<input size=\"1\" type=\"text\" name=\"form_fields[field_a0459ef]\" id=\"form-field-field_a0459ef\" class=\"elementor-field elementor-size-xs  elementor-field-textual\" placeholder=\"Pro rekonstrukce - typ vyt\u00e1p\u011bn\u00ed (radi\u00e1tory, podlahov\u00e9 vyt\u00e1p\u011bn\u00ed, jin\u00e9)\">\n\t\t\t\t\t\t\t\t\t\t\t<\/div>\n\t\t\t\t\t\t\t\t<div class=\"elementor-field-type-html elementor-field-group elementor-column elementor-field-group-field_3d9023c elementor-col-100\">\n\t\t\t\t\tM\u00e1m z\u00e1jem:\t\t\t\t<\/div>\n\t\t\t\t\t\t\t\t<div class=\"elementor-field-type-checkbox elementor-field-group elementor-column elementor-field-group-field_6c71883 elementor-col-100\">\n\t\t\t\t\t<div class=\"elementor-field-subgroup  elementor-subgroup-inline\"><span class=\"elementor-field-option\"><input type=\"checkbox\" value=\"Kompletn\u00ed \u0159e\u0161en\u00ed\" id=\"form-field-field_6c71883-0\" name=\"form_fields[field_6c71883][]\"> <label for=\"form-field-field_6c71883-0\">Kompletn\u00ed \u0159e\u0161en\u00ed<\/label><\/span><span class=\"elementor-field-option\"><input type=\"checkbox\" value=\"Fotovoltaika\" id=\"form-field-field_6c71883-1\" name=\"form_fields[field_6c71883][]\"> <label for=\"form-field-field_6c71883-1\">Fotovoltaika<\/label><\/span><span class=\"elementor-field-option\"><input type=\"checkbox\" value=\"Vyt\u00e1p\u011bn\u00ed\" id=\"form-field-field_6c71883-2\" name=\"form_fields[field_6c71883][]\"> <label for=\"form-field-field_6c71883-2\">Vyt\u00e1p\u011bn\u00ed<\/label><\/span><span class=\"elementor-field-option\"><input type=\"checkbox\" value=\"Oh\u0159ev vody\" id=\"form-field-field_6c71883-3\" name=\"form_fields[field_6c71883][]\"> <label for=\"form-field-field_6c71883-3\">Oh\u0159ev vody<\/label><\/span><span class=\"elementor-field-option\"><input type=\"checkbox\" value=\"Elektromobilita\" id=\"form-field-field_6c71883-4\" name=\"form_fields[field_6c71883][]\"> <label for=\"form-field-field_6c71883-4\">Elektromobilita<\/label><\/span><span class=\"elementor-field-option\"><input type=\"checkbox\" value=\"Rekuperace a ventilace\" id=\"form-field-field_6c71883-5\" name=\"form_fields[field_6c71883][]\"> <label for=\"form-field-field_6c71883-5\">Rekuperace a ventilace<\/label><\/span><\/div>\t\t\t\t<\/div>\n\t\t\t\t\t\t\t\t<div class=\"elementor-field-type-html elementor-field-group elementor-column elementor-field-group-field_ff4999f elementor-col-100\">\n\t\t\t\t\tKontaktn\u00ed \u00fadaje:\t\t\t\t<\/div>\n\t\t\t\t\t\t\t\t<div class=\"elementor-field-type-text elementor-field-group elementor-column elementor-field-group-field_dd5c1a3 elementor-col-50\">\n\t\t\t\t\t\t\t\t\t\t\t\t<label for=\"form-field-field_dd5c1a3\" class=\"elementor-field-label elementor-screen-only\">\n\t\t\t\t\t\t\t\tJm\u00e9no:\t\t\t\t\t\t\t<\/label>\n\t\t\t\t\t\t\t\t\t\t\t\t\t\t<input size=\"1\" type=\"text\" name=\"form_fields[field_dd5c1a3]\" id=\"form-field-field_dd5c1a3\" class=\"elementor-field elementor-size-xs  elementor-field-textual\" placeholder=\"Jm\u00e9no*\">\n\t\t\t\t\t\t\t\t\t\t\t<\/div>\n\t\t\t\t\t\t\t\t<div class=\"elementor-field-type-text elementor-field-group elementor-column elementor-field-group-field_220866f elementor-col-50\">\n\t\t\t\t\t\t\t\t\t\t\t\t<label for=\"form-field-field_220866f\" class=\"elementor-field-label elementor-screen-only\">\n\t\t\t\t\t\t\t\tP\u0159\u00edjmen\u00ed:\t\t\t\t\t\t\t<\/label>\n\t\t\t\t\t\t\t\t\t\t\t\t\t\t<input size=\"1\" type=\"text\" name=\"form_fields[field_220866f]\" id=\"form-field-field_220866f\" class=\"elementor-field elementor-size-xs  elementor-field-textual\" placeholder=\"P\u0159\u00edjmen\u00ed*\">\n\t\t\t\t\t\t\t\t\t\t\t<\/div>\n\t\t\t\t\t\t\t\t<div class=\"elementor-field-type-text elementor-field-group elementor-column elementor-field-group-field_bef59ec elementor-col-50\">\n\t\t\t\t\t\t\t\t\t\t\t\t<label for=\"form-field-field_bef59ec\" class=\"elementor-field-label elementor-screen-only\">\n\t\t\t\t\t\t\t\tPS\u010c:\t\t\t\t\t\t\t<\/label>\n\t\t\t\t\t\t\t\t\t\t\t\t\t\t<input size=\"1\" type=\"text\" name=\"form_fields[field_bef59ec]\" id=\"form-field-field_bef59ec\" class=\"elementor-field elementor-size-xs  elementor-field-textual\" placeholder=\"PS\u010c*\">\n\t\t\t\t\t\t\t\t\t\t\t<\/div>\n\t\t\t\t\t\t\t\t<div class=\"elementor-field-type-text elementor-field-group elementor-column elementor-field-group-field_4776b1b elementor-col-50\">\n\t\t\t\t\t\t\t\t\t\t\t\t<label for=\"form-field-field_4776b1b\" class=\"elementor-field-label elementor-screen-only\">\n\t\t\t\t\t\t\t\tM\u011bsto:\t\t\t\t\t\t\t<\/label>\n\t\t\t\t\t\t\t\t\t\t\t\t\t\t<input size=\"1\" type=\"text\" name=\"form_fields[field_4776b1b]\" id=\"form-field-field_4776b1b\" class=\"elementor-field elementor-size-xs  elementor-field-textual\" placeholder=\"M\u011bsto*\">\n\t\t\t\t\t\t\t\t\t\t\t<\/div>\n\t\t\t\t\t\t\t\t<div class=\"elementor-field-type-tel elementor-field-group elementor-column elementor-field-group-field_69d2e52 elementor-col-50\">\n\t\t\t\t\t\t\t\t\t\t\t\t<label for=\"form-field-field_69d2e52\" class=\"elementor-field-label elementor-screen-only\">\n\t\t\t\t\t\t\t\tTelefon:\t\t\t\t\t\t\t<\/label>\n\t\t\t\t\t\t\t\t<input size=\"1\" type=\"tel\" name=\"form_fields[field_69d2e52]\" id=\"form-field-field_69d2e52\" class=\"elementor-field elementor-size-xs  elementor-field-textual\" placeholder=\"Telefon*\" pattern=\"[0-9()#&amp;+*-=.]+\" title=\"Only numbers and phone characters (#, -, *, etc) are accepted.\">\n\n\t\t\t\t\t\t<\/div>\n\t\t\t\t\t\t\t\t<div class=\"elementor-field-type-email elementor-field-group elementor-column elementor-field-group-email elementor-col-50 elementor-field-required\">\n\t\t\t\t\t\t\t\t\t\t\t\t<label for=\"form-field-email\" class=\"elementor-field-label elementor-screen-only\">\n\t\t\t\t\t\t\t\tEmail\t\t\t\t\t\t\t<\/label>\n\t\t\t\t\t\t\t\t\t\t\t\t\t\t<input size=\"1\" type=\"email\" name=\"form_fields[email]\" id=\"form-field-email\" class=\"elementor-field elementor-size-xs  elementor-field-textual\" placeholder=\"Email*\" required=\"required\">\n\t\t\t\t\t\t\t\t\t\t\t<\/div>\n\t\t\t\t\t\t\t\t<div class=\"elementor-field-type-textarea elementor-field-group elementor-column elementor-field-group-message elementor-col-100\">\n\t\t\t\t\t\t\t\t\t\t\t\t<label for=\"form-field-message\" class=\"elementor-field-label elementor-screen-only\">\n\t\t\t\t\t\t\t\tPozn\u00e1mka\t\t\t\t\t\t\t<\/label>\n\t\t\t\t\t\t<textarea class=\"elementor-field-textual elementor-field  elementor-size-xs\" name=\"form_fields[message]\" id=\"form-field-message\" rows=\"4\" placeholder=\"Pozn\u00e1mka\"><\/textarea>\t\t\t\t<\/div>\n\t\t\t\t\t\t\t\t<div class=\"elementor-field-type-recaptcha elementor-field-group elementor-column elementor-field-group-field_51b4094 elementor-col-100\">\n\t\t\t\t\t<div class=\"elementor-field\" id=\"form-field-field_51b4094\"><div class=\"elementor-g-recaptcha\" data-sitekey=\"6LeVepcqAAAAAJg748rrIZVh4MF6Zb_MxHgJUGrC\" data-type=\"v2_checkbox\" data-theme=\"light\" data-size=\"normal\"><\/div><\/div>\t\t\t\t<\/div>\n\t\t\t\t\t\t\t\t<div class=\"elementor-field-group elementor-column elementor-field-type-submit elementor-col-100 e-form__buttons\">\n\t\t\t\t\t<button class=\"elementor-button elementor-size-sm elementor-animation-grow\" type=\"submit\">\n\t\t\t\t\t\t<span class=\"elementor-button-content-wrapper\">\n\t\t\t\t\t\t\t\t\t\t\t\t\t\t\t\t\t\t\t\t\t\t<span class=\"elementor-button-text\">Odeslat zpr\u00e1vu<\/span>\n\t\t\t\t\t\t\t\t\t\t\t\t\t<\/span>\n\t\t\t\t\t<\/button>\n\t\t\t\t<\/div>\n\t\t\t<\/div>\n\t\t<\/form>\n\t\t\t\t\t\t<\/div>\n\t\t\t\t\t<\/div>\n\t\t\t\t<\/div>\n\t\t<div class=\"elementor-element elementor-element-497fb0a9 e-flex e-con-boxed e-con e-parent\" data-id=\"497fb0a9\" data-element_type=\"container\">\n\t\t\t\t\t<div class=\"e-con-inner\">\n\t\t\t\t<div class=\"elementor-element elementor-element-38e1cc3a elementor-widget elementor-widget-spacer\" data-id=\"38e1cc3a\" data-element_type=\"widget\" data-widget_type=\"spacer.default\">\n\t\t\t\t\t\t\t<div class=\"elementor-spacer\">\n\t\t\t<div class=\"elementor-spacer-inner\"><\/div>\n\t\t<\/div>\n\t\t\t\t\t\t<\/div>\n\t\t\t\t\t<\/div>\n\t\t\t\t<\/div>\n\t\t\t\t<\/div>\n\t\t","protected":false},"excerpt":{"rendered":"<p>Objevte jedine\u010dn\u00fd syst\u00e9m NORD HT, kter\u00fd V\u00e1m pom\u016f\u017ee maximalizovat \u00faspory a zv\u00fd\u0161it efektivitu va\u0161eho domu. Pod\u011blte se s n\u00e1mi o sv\u00e9 pl\u00e1ny a pot\u0159eby, a my pro V\u00e1s p\u0159iprav\u00edme \u0159e\u0161en\u00ed na m\u00edru, kter\u00e9 spln\u00ed Va\u0161e o\u010dek\u00e1v\u00e1n\u00ed. Va\u0161e kontaktn\u00ed \u00fadaje p\u0159ed\u00e1me na\u0161emu nejbli\u017e\u0161\u00edmu odborn\u00e9mu partnerovi\u00a0NORD HT, kter\u00fd V\u00e1m poskytne profesion\u00e1ln\u00ed poradenstv\u00ed a zajist\u00ed realizaci projektu ve [&hellip;]<\/p>\n","protected":false},"author":1,"featured_media":0,"parent":0,"menu_order":0,"comment_status":"closed","ping_status":"closed","template":"","meta":{"om_disable_all_campaigns":false,"_monsterinsights_skip_tracking":false,"_monsterinsights_sitenote_active":false,"_monsterinsights_sitenote_note":"","_monsterinsights_sitenote_category":0,"footnotes":""},"_links":{"self":[{"href":"https:\/\/nord-solution.com\/index.php\/wp-json\/wp\/v2\/pages\/13293"}],"collection":[{"href":"https:\/\/nord-solution.com\/index.php\/wp-json\/wp\/v2\/pages"}],"about":[{"href":"https:\/\/nord-solution.com\/index.php\/wp-json\/wp\/v2\/types\/page"}],"author":[{"embeddable":true,"href":"https:\/\/nord-solution.com\/index.php\/wp-json\/wp\/v2\/users\/1"}],"replies":[{"embeddable":true,"href":"https:\/\/nord-solution.com\/index.php\/wp-json\/wp\/v2\/comments?post=13293"}],"version-history":[{"count":10,"href":"https:\/\/nord-solution.com\/index.php\/wp-json\/wp\/v2\/pages\/13293\/revisions"}],"predecessor-version":[{"id":31519,"href":"https:\/\/nord-solution.com\/index.php\/wp-json\/wp\/v2\/pages\/13293\/revisions\/31519"}],"wp:attachment":[{"href":"https:\/\/nord-solution.com\/index.php\/wp-json\/wp\/v2\/media?parent=13293"}],"curies":[{"name":"wp","href":"https:\/\/api.w.org\/{rel}","templated":true}]}}