{"id":5714,"date":"2024-02-19T13:16:56","date_gmt":"2024-02-19T12:16:56","guid":{"rendered":"https:\/\/nord-solution.com\/?page_id=5714"},"modified":"2024-02-19T13:17:28","modified_gmt":"2024-02-19T12:17:28","slug":"hvorfor-oss","status":"publish","type":"page","link":"https:\/\/nord-solution.com\/index.php\/nb\/hvorfor-oss\/","title":{"rendered":"Hvorfor oss"},"content":{"rendered":"\t\t<div data-elementor-type=\"wp-page\" data-elementor-id=\"5714\" class=\"elementor elementor-5714\" data-elementor-post-type=\"page\">\n\t\t\t\t\t\t<section class=\"elementor-section elementor-top-section elementor-element elementor-element-32f4662d elementor-section-boxed elementor-section-height-default elementor-section-height-default\" data-id=\"32f4662d\" data-element_type=\"section\" data-settings=\"{&quot;background_background&quot;:&quot;classic&quot;}\">\n\t\t\t\t\t\t<div class=\"elementor-container elementor-column-gap-default\">\n\t\t\t\t\t<div class=\"elementor-column elementor-col-100 elementor-top-column elementor-element elementor-element-49aaf360\" data-id=\"49aaf360\" data-element_type=\"column\">\n\t\t\t<div class=\"elementor-widget-wrap elementor-element-populated\">\n\t\t\t\t\t\t<div class=\"elementor-element elementor-element-656dba22 elementor-widget elementor-widget-spacer\" data-id=\"656dba22\" data-element_type=\"widget\" data-widget_type=\"spacer.default\">\n\t\t\t\t\t\t\t<div class=\"elementor-spacer\">\n\t\t\t<div class=\"elementor-spacer-inner\"><\/div>\n\t\t<\/div>\n\t\t\t\t\t\t<\/div>\n\t\t\t\t<div class=\"elementor-element elementor-element-174f31be elementor-widget elementor-widget-heading\" data-id=\"174f31be\" data-element_type=\"widget\" data-widget_type=\"heading.default\">\n\t\t\t\t\t<h4 class=\"elementor-heading-title elementor-size-default\">Hvorfor oss?<\/h4>\t\t\t\t<\/div>\n\t\t\t\t<div class=\"elementor-element elementor-element-0d30fe0 elementor-widget elementor-widget-spacer\" data-id=\"0d30fe0\" data-element_type=\"widget\" data-widget_type=\"spacer.default\">\n\t\t\t\t\t\t\t<div class=\"elementor-spacer\">\n\t\t\t<div class=\"elementor-spacer-inner\"><\/div>\n\t\t<\/div>\n\t\t\t\t\t\t<\/div>\n\t\t\t\t<div class=\"elementor-element elementor-element-8e98f91 elementor-widget elementor-widget-text-editor\" data-id=\"8e98f91\" data-element_type=\"widget\" data-widget_type=\"text-editor.default\">\n\t\t\t\t\t\t\t\t\t<p><strong>NORD<\/strong>-medlemmer har jobbet innen fornybar energi i nesten\u00a0<strong>20\u00a0\u00e5r<\/strong>, og de er godt kjente med kundenes behov og det moderne \u00f8nsket om \u00e5 kunne leve uavhengig.<\/p><p>Presentasjonen av\u00a0<strong>NORD<\/strong>-produkter med patenterte funksjoner tar deg enda n\u00e6rmere \u00e5 gj\u00f8re levestandarden s\u00e5 smart og effektiv som mulig.<\/p><p>Det lave forbruket til\u00a0<strong>NORD<\/strong>-produkter og den nylig designede smarte\u00a0<strong>NORD EcoMode<\/strong> utnytter din egen energiproduksjon til det ytterste og garanterer en lav str\u00f8mregning.<\/p><p><strong>NORD<\/strong>\u00a0er det riktige valget for de kommende ti\u00e5rene.<\/p>\t\t\t\t\t\t\t\t<\/div>\n\t\t\t\t<div class=\"elementor-element elementor-element-0f319a3 elementor-widget elementor-widget-image\" data-id=\"0f319a3\" data-element_type=\"widget\" data-widget_type=\"image.default\">\n\t\t\t\t\t\t\t\t\t\t\t\t\t\t\t<img fetchpriority=\"high\" decoding=\"async\" width=\"1500\" height=\"700\" src=\"https:\/\/nord-solution.com\/wp-content\/uploads\/2023\/05\/nord-banner-3.png\" class=\"attachment-full size-full wp-image-3442\" alt=\"\" srcset=\"https:\/\/nord-solution.com\/wp-content\/uploads\/2023\/05\/nord-banner-3.png 1500w, https:\/\/nord-solution.com\/wp-content\/uploads\/2023\/05\/nord-banner-3-600x280.png 600w, https:\/\/nord-solution.com\/wp-content\/uploads\/2023\/05\/nord-banner-3-300x140.png 300w, https:\/\/nord-solution.com\/wp-content\/uploads\/2023\/05\/nord-banner-3-1024x478.png 1024w, https:\/\/nord-solution.com\/wp-content\/uploads\/2023\/05\/nord-banner-3-768x358.png 768w\" sizes=\"(max-width: 1500px) 100vw, 1500px\" \/>\t\t\t\t\t\t\t\t\t\t\t\t\t\t\t<\/div>\n\t\t\t\t\t<\/div>\n\t\t<\/div>\n\t\t\t\t\t<\/div>\n\t\t<\/section>\n\t\t\t\t<section class=\"elementor-section elementor-top-section elementor-element elementor-element-2363b7c elementor-section-boxed elementor-section-height-default elementor-section-height-default\" data-id=\"2363b7c\" data-element_type=\"section\">\n\t\t\t\t\t\t<div class=\"elementor-container elementor-column-gap-default\">\n\t\t\t\t\t<div class=\"elementor-column elementor-col-100 elementor-top-column elementor-element elementor-element-d4ee9fb\" data-id=\"d4ee9fb\" data-element_type=\"column\">\n\t\t\t<div class=\"elementor-widget-wrap elementor-element-populated\">\n\t\t\t\t\t\t<div class=\"elementor-element elementor-element-b34fe3a elementor-widget elementor-widget-spacer\" data-id=\"b34fe3a\" data-element_type=\"widget\" data-widget_type=\"spacer.default\">\n\t\t\t\t\t\t\t<div class=\"elementor-spacer\">\n\t\t\t<div class=\"elementor-spacer-inner\"><\/div>\n\t\t<\/div>\n\t\t\t\t\t\t<\/div>\n\t\t\t\t\t<\/div>\n\t\t<\/div>\n\t\t\t\t\t<\/div>\n\t\t<\/section>\n\t\t\t\t<\/div>\n\t\t","protected":false},"excerpt":{"rendered":"<p>Hvorfor oss? NORD-medlemmer har jobbet innen fornybar energi i nesten\u00a020\u00a0\u00e5r, og de er godt kjente med kundenes behov og det moderne \u00f8nsket om \u00e5 kunne leve uavhengig. Presentasjonen av\u00a0NORD-produkter med patenterte funksjoner tar deg enda n\u00e6rmere \u00e5 gj\u00f8re levestandarden s\u00e5 smart og effektiv som mulig. Det lave forbruket til\u00a0NORD-produkter og den nylig designede smarte\u00a0NORD EcoMode [&hellip;]<\/p>\n","protected":false},"author":1,"featured_media":0,"parent":0,"menu_order":0,"comment_status":"closed","ping_status":"closed","template":"","meta":{"om_disable_all_campaigns":false,"_monsterinsights_skip_tracking":false,"_monsterinsights_sitenote_active":false,"_monsterinsights_sitenote_note":"","_monsterinsights_sitenote_category":0,"footnotes":""},"_links":{"self":[{"href":"https:\/\/nord-solution.com\/index.php\/wp-json\/wp\/v2\/pages\/5714"}],"collection":[{"href":"https:\/\/nord-solution.com\/index.php\/wp-json\/wp\/v2\/pages"}],"about":[{"href":"https:\/\/nord-solution.com\/index.php\/wp-json\/wp\/v2\/types\/page"}],"author":[{"embeddable":true,"href":"https:\/\/nord-solution.com\/index.php\/wp-json\/wp\/v2\/users\/1"}],"replies":[{"embeddable":true,"href":"https:\/\/nord-solution.com\/index.php\/wp-json\/wp\/v2\/comments?post=5714"}],"version-history":[{"count":4,"href":"https:\/\/nord-solution.com\/index.php\/wp-json\/wp\/v2\/pages\/5714\/revisions"}],"predecessor-version":[{"id":5718,"href":"https:\/\/nord-solution.com\/index.php\/wp-json\/wp\/v2\/pages\/5714\/revisions\/5718"}],"wp:attachment":[{"href":"https:\/\/nord-solution.com\/index.php\/wp-json\/wp\/v2\/media?parent=5714"}],"curies":[{"name":"wp","href":"https:\/\/api.w.org\/{rel}","templated":true}]}}