{"id":31699,"date":"2026-04-02T14:52:46","date_gmt":"2026-04-02T12:52:46","guid":{"rendered":"https:\/\/nord-solution.com\/?page_id=31699"},"modified":"2026-04-22T09:51:15","modified_gmt":"2026-04-22T07:51:15","slug":"novinky-new-koncept","status":"publish","type":"page","link":"https:\/\/nord-solution.com\/index.php\/cs\/novinky-new-koncept\/","title":{"rendered":"Novinky new koncept"},"content":{"rendered":"\t\t<div data-elementor-type=\"wp-page\" data-elementor-id=\"31699\" class=\"elementor elementor-31699\" data-elementor-post-type=\"page\">\n\t\t\t\t<div class=\"elementor-element elementor-element-6d51e63e e-flex e-con-boxed e-con e-parent\" data-id=\"6d51e63e\" data-element_type=\"container\">\n\t\t\t\t\t<div class=\"e-con-inner\">\n\t\t\t\t<div class=\"elementor-element elementor-element-20ef9a7 elementor-widget elementor-widget-spacer\" data-id=\"20ef9a7\" data-element_type=\"widget\" data-widget_type=\"spacer.default\">\n\t\t\t\t\t\t\t<div class=\"elementor-spacer\">\n\t\t\t<div class=\"elementor-spacer-inner\"><\/div>\n\t\t<\/div>\n\t\t\t\t\t\t<\/div>\n\t\t\t\t<div class=\"elementor-element elementor-element-3d710cee elementor-widget elementor-widget-heading\" data-id=\"3d710cee\" data-element_type=\"widget\" data-widget_type=\"heading.default\">\n\t\t\t\t\t<h2 class=\"elementor-heading-title elementor-size-default\">Novinky ze sv\u011bta NORD<\/h2>\t\t\t\t<\/div>\n\t\t\t\t<div class=\"elementor-element elementor-element-679f3d79 elementor-posts__hover-none elementor-grid-3 elementor-grid-tablet-2 elementor-grid-mobile-1 elementor-posts--thumbnail-top elementor-widget elementor-widget-posts\" data-id=\"679f3d79\" data-element_type=\"widget\" data-settings=\"{&quot;cards_row_gap&quot;:{&quot;unit&quot;:&quot;px&quot;,&quot;size&quot;:30,&quot;sizes&quot;:[]},&quot;cards_row_gap_tablet&quot;:{&quot;unit&quot;:&quot;px&quot;,&quot;size&quot;:71,&quot;sizes&quot;:[]},&quot;cards_row_gap_mobile&quot;:{&quot;unit&quot;:&quot;px&quot;,&quot;size&quot;:30,&quot;sizes&quot;:[]},&quot;cards_columns&quot;:&quot;3&quot;,&quot;cards_columns_tablet&quot;:&quot;2&quot;,&quot;cards_columns_mobile&quot;:&quot;1&quot;}\" data-widget_type=\"posts.cards\">\n\t\t\t\t<div class=\"elementor-widget-container\">\n\t\t\t\t\t\t\t<div class=\"elementor-posts-container elementor-posts elementor-posts--skin-cards elementor-grid\" role=\"list\">\n\t\t\t\t<article class=\"elementor-post elementor-grid-item post-31222 post type-post status-publish format-standard has-post-thumbnail hentry category-cz\" role=\"listitem\">\n\t\t\t<div class=\"elementor-post__card\">\n\t\t\t\t<a class=\"elementor-post__thumbnail__link\" href=\"https:\/\/nord-solution.com\/index.php\/cs\/2026\/03\/26\/veletrh-shke-2026-v-essenu\/\" tabindex=\"-1\" ><div class=\"elementor-post__thumbnail\"><img fetchpriority=\"high\" decoding=\"async\" width=\"570\" height=\"276\" src=\"https:\/\/nord-solution.com\/wp-content\/uploads\/2026\/03\/Konfigurator-NORD_Miniatura-GBC-eShop-570x-276px.png\" class=\"attachment-full size-full wp-image-31710\" alt=\"\" srcset=\"https:\/\/nord-solution.com\/wp-content\/uploads\/2026\/03\/Konfigurator-NORD_Miniatura-GBC-eShop-570x-276px.png 570w, https:\/\/nord-solution.com\/wp-content\/uploads\/2026\/03\/Konfigurator-NORD_Miniatura-GBC-eShop-570x-276px-300x145.png 300w\" sizes=\"(max-width: 570px) 100vw, 570px\" \/><\/div><\/a>\n\t\t\t\t<div class=\"elementor-post__text\">\n\t\t\t\t<h4 class=\"elementor-post__title\">\n\t\t\t<a href=\"https:\/\/nord-solution.com\/index.php\/cs\/2026\/03\/26\/veletrh-shke-2026-v-essenu\/\" >\n\t\t\t\tVeletrh SHK+E 2026 v Essenu\t\t\t<\/a>\n\t\t<\/h4>\n\t\t\t\t<div class=\"elementor-post__excerpt\">\n\t\t\t<p>25.03.2026 Ve dnech 17.\u201320. b\u0159ezna se v Essenu konal veletrh SHK+E 2026. Spole\u010dnost Nord HT zde v hale 3 p\u0159edstavila odborn\u00e9 ve\u0159ejnosti sv\u016fj inovativn\u00ed a<\/p>\n\t\t<\/div>\n\t\t\t\t<\/div>\n\t\t\t\t<div class=\"elementor-post__meta-data\">\n\t\t\t\t\t<span class=\"elementor-post-date\">\n\t\t\t26. 3. 2026\t\t<\/span>\n\t\t\t\t<\/div>\n\t\t\t\t\t<\/div>\n\t\t<\/article>\n\t\t\t\t<article class=\"elementor-post elementor-grid-item post-31217 post type-post status-publish format-standard hentry category-pl\" role=\"listitem\">\n\t\t\t<div class=\"elementor-post__card\">\n\t\t\t\t<div class=\"elementor-post__text\">\n\t\t\t\t<h4 class=\"elementor-post__title\">\n\t\t\t<a href=\"https:\/\/nord-solution.com\/index.php\/pl\/2026\/03\/26\/targi-branzowe-shke-2026-w-essen\/\" >\n\t\t\t\tTargi bran\u017cowe SHK+E 2026 w Essen\t\t\t<\/a>\n\t\t<\/h4>\n\t\t\t\t<div class=\"elementor-post__excerpt\">\n\t\t\t<p>25.03.2026 Targi bran\u017cowe SHK+E 2026 w Essen W dniach 17\u201320 marca targi SHK+E 2026 otworzy\u0142y swoje drzwi w halach wystawienniczych w Essen. Firma Nord HT<\/p>\n\t\t<\/div>\n\t\t\t\t<\/div>\n\t\t\t\t<div class=\"elementor-post__meta-data\">\n\t\t\t\t\t<span class=\"elementor-post-date\">\n\t\t\t26. 3. 2026\t\t<\/span>\n\t\t\t\t<\/div>\n\t\t\t\t\t<\/div>\n\t\t<\/article>\n\t\t\t\t<article class=\"elementor-post elementor-grid-item post-31212 post type-post status-publish format-standard hentry category-nezarazene-en\" role=\"listitem\">\n\t\t\t<div class=\"elementor-post__card\">\n\t\t\t\t<div class=\"elementor-post__text\">\n\t\t\t\t<h4 class=\"elementor-post__title\">\n\t\t\t<a href=\"https:\/\/nord-solution.com\/index.php\/2026\/03\/26\/shke-2026-trade-fair-in-essen\/\" >\n\t\t\t\tSHK+E 2026 trade fair in Essen\t\t\t<\/a>\n\t\t<\/h4>\n\t\t\t\t<div class=\"elementor-post__excerpt\">\n\t\t\t<p>25.03.2026 SHK+E Trade Fair 2026 in Essen From March 17 to 20, the SHK+E 2026 trade fair opened its doors at the exhibition halls in<\/p>\n\t\t<\/div>\n\t\t\t\t<\/div>\n\t\t\t\t<div class=\"elementor-post__meta-data\">\n\t\t\t\t\t<span class=\"elementor-post-date\">\n\t\t\t26. 3. 2026\t\t<\/span>\n\t\t\t\t<\/div>\n\t\t\t\t\t<\/div>\n\t\t<\/article>\n\t\t\t\t<article class=\"elementor-post elementor-grid-item post-31207 post type-post status-publish format-standard hentry category-de\" role=\"listitem\">\n\t\t\t<div class=\"elementor-post__card\">\n\t\t\t\t<div class=\"elementor-post__text\">\n\t\t\t\t<h4 class=\"elementor-post__title\">\n\t\t\t<a href=\"https:\/\/nord-solution.com\/index.php\/de\/2026\/03\/26\/fachmesse-shke-2026-in-essen\/\" >\n\t\t\t\tFachmesse SHK+E 2026 in Essen\t\t\t<\/a>\n\t\t<\/h4>\n\t\t\t\t<div class=\"elementor-post__excerpt\">\n\t\t\t<p>25.03.2026 Fachmesse SHK+E 2026 in Essen Vom 17. \u2013 20. M\u00e4rz \u00f6ffnete die Fachmesse SHK+E 2026 ihre T\u00fcren in den Messehallen in Essen. Nord HT<\/p>\n\t\t<\/div>\n\t\t\t\t<\/div>\n\t\t\t\t<div class=\"elementor-post__meta-data\">\n\t\t\t\t\t<span class=\"elementor-post-date\">\n\t\t\t26. 3. 2026\t\t<\/span>\n\t\t\t\t<\/div>\n\t\t\t\t\t<\/div>\n\t\t<\/article>\n\t\t\t\t<article class=\"elementor-post elementor-grid-item post-33183 post type-post status-publish format-standard has-post-thumbnail hentry category-cz\" role=\"listitem\">\n\t\t\t<div class=\"elementor-post__card\">\n\t\t\t\t<a class=\"elementor-post__thumbnail__link\" href=\"https:\/\/nord-solution.com\/index.php\/cs\/2026\/02\/04\/nejdrazsi-chyba-pri-projektovani-novostavby\/\" tabindex=\"-1\" ><div class=\"elementor-post__thumbnail\"><img decoding=\"async\" width=\"570\" height=\"276\" src=\"https:\/\/nord-solution.com\/wp-content\/uploads\/2026\/04\/Web-novinky-thumbnail8-1.jpg\" class=\"attachment-full size-full wp-image-33128\" alt=\"\" srcset=\"https:\/\/nord-solution.com\/wp-content\/uploads\/2026\/04\/Web-novinky-thumbnail8-1.jpg 570w, https:\/\/nord-solution.com\/wp-content\/uploads\/2026\/04\/Web-novinky-thumbnail8-1-300x145.jpg 300w\" sizes=\"(max-width: 570px) 100vw, 570px\" \/><\/div><\/a>\n\t\t\t\t<div class=\"elementor-post__text\">\n\t\t\t\t<h4 class=\"elementor-post__title\">\n\t\t\t<a href=\"https:\/\/nord-solution.com\/index.php\/cs\/2026\/02\/04\/nejdrazsi-chyba-pri-projektovani-novostavby\/\" >\n\t\t\t\tNejdra\u017e\u0161\u00ed chyba p\u0159i projektov\u00e1n\u00ed novostavby?\t\t\t<\/a>\n\t\t<\/h4>\n\t\t\t\t<div class=\"elementor-post__excerpt\">\n\t\t\t<p>Nejdra\u017e\u0161\u00ed chyba p\u0159i projektov\u00e1n\u00ed novostavby? Navrhovat technologie jako izolovan\u00e9 ostrovy. \ud83d\udcc9\ud83c\udfd7\ufe0f Stavebn\u00ed sez\u00f3na m\u00e1 sice zimn\u00ed pauzu, ale v projek\u010dn\u00edch kancel\u00e1\u0159\u00edch a u stolu budouc\u00edch<\/p>\n\t\t<\/div>\n\t\t\t\t<\/div>\n\t\t\t\t<div class=\"elementor-post__meta-data\">\n\t\t\t\t\t<span class=\"elementor-post-date\">\n\t\t\t4. 2. 2026\t\t<\/span>\n\t\t\t\t<\/div>\n\t\t\t\t\t<\/div>\n\t\t<\/article>\n\t\t\t\t<article class=\"elementor-post elementor-grid-item post-33176 post type-post status-publish format-standard has-post-thumbnail hentry category-cz\" role=\"listitem\">\n\t\t\t<div class=\"elementor-post__card\">\n\t\t\t\t<a class=\"elementor-post__thumbnail__link\" href=\"https:\/\/nord-solution.com\/index.php\/cs\/2025\/12\/19\/nord-upevnuje-pozici-lidra-na-evropskem-trhu-system-ziskal-oceneni-zeleny-fenix\/\" tabindex=\"-1\" ><div class=\"elementor-post__thumbnail\"><img decoding=\"async\" width=\"570\" height=\"276\" src=\"https:\/\/nord-solution.com\/wp-content\/uploads\/2026\/04\/Web-novinky-thumbnail5-1.jpg\" class=\"attachment-full size-full wp-image-33125\" alt=\"\" srcset=\"https:\/\/nord-solution.com\/wp-content\/uploads\/2026\/04\/Web-novinky-thumbnail5-1.jpg 570w, https:\/\/nord-solution.com\/wp-content\/uploads\/2026\/04\/Web-novinky-thumbnail5-1-300x145.jpg 300w\" sizes=\"(max-width: 570px) 100vw, 570px\" \/><\/div><\/a>\n\t\t\t\t<div class=\"elementor-post__text\">\n\t\t\t\t<h4 class=\"elementor-post__title\">\n\t\t\t<a href=\"https:\/\/nord-solution.com\/index.php\/cs\/2025\/12\/19\/nord-upevnuje-pozici-lidra-na-evropskem-trhu-system-ziskal-oceneni-zeleny-fenix\/\" >\n\t\t\t\tNORD upev\u0148uje pozici l\u00eddra na evropsk\u00e9m trhu: Syst\u00e9m z\u00edskal ocen\u011bn\u00ed \u201eZelen\u00fd F\u00e9nix\u201c\t\t\t<\/a>\n\t\t<\/h4>\n\t\t\t\t<div class=\"elementor-post__excerpt\">\n\t\t\t<p>NORD upev\u0148uje pozici l\u00eddra na evropsk\u00e9m trhu: Syst\u00e9m z\u00edskal ocen\u011bn\u00ed \u201eZelen\u00fd F\u00e9nix\u201c S hrdost\u00ed oznamujeme, \u017ee na XVII. celost\u00e1tn\u00edm festivalu ekoenergetiky v Polsku z\u00edskal n\u00e1\u0161<\/p>\n\t\t<\/div>\n\t\t\t\t<\/div>\n\t\t\t\t<div class=\"elementor-post__meta-data\">\n\t\t\t\t\t<span class=\"elementor-post-date\">\n\t\t\t19. 12. 2025\t\t<\/span>\n\t\t\t\t<\/div>\n\t\t\t\t\t<\/div>\n\t\t<\/article>\n\t\t\t\t<article class=\"elementor-post elementor-grid-item post-33118 post type-post status-publish format-standard has-post-thumbnail hentry category-cz\" role=\"listitem\">\n\t\t\t<div class=\"elementor-post__card\">\n\t\t\t\t<a class=\"elementor-post__thumbnail__link\" href=\"https:\/\/nord-solution.com\/index.php\/cs\/2025\/12\/18\/dekujeme-za-vasi-navstevu-na-solar-solutions-dusseldorf-2025\/\" tabindex=\"-1\" ><div class=\"elementor-post__thumbnail\"><img loading=\"lazy\" decoding=\"async\" width=\"570\" height=\"276\" src=\"https:\/\/nord-solution.com\/wp-content\/uploads\/2026\/04\/Web-novinky-thumbnail4.jpg\" class=\"attachment-full size-full wp-image-32909\" alt=\"\" srcset=\"https:\/\/nord-solution.com\/wp-content\/uploads\/2026\/04\/Web-novinky-thumbnail4.jpg 570w, https:\/\/nord-solution.com\/wp-content\/uploads\/2026\/04\/Web-novinky-thumbnail4-300x145.jpg 300w\" sizes=\"(max-width: 570px) 100vw, 570px\" \/><\/div><\/a>\n\t\t\t\t<div class=\"elementor-post__text\">\n\t\t\t\t<h4 class=\"elementor-post__title\">\n\t\t\t<a href=\"https:\/\/nord-solution.com\/index.php\/cs\/2025\/12\/18\/dekujeme-za-vasi-navstevu-na-solar-solutions-dusseldorf-2025\/\" >\n\t\t\t\tD\u011bkujeme za Va\u0161i n\u00e1v\u0161t\u011bvu na Solar Solutions D\u00fcsseldorf 2025!\t\t\t<\/a>\n\t\t<\/h4>\n\t\t\t\t<div class=\"elementor-post__excerpt\">\n\t\t\t<p>D\u011bkujeme za Va\u0161i n\u00e1v\u0161t\u011bvu na Solar Solutions D\u00fcsseldorf 2025! Na\u0161e \u0159e\u0161en\u00ed NORD HT HEMS vzbudila velk\u00fd z\u00e1jem jak u instala\u010dn\u00edch firem, tak u koncov\u00fdch z\u00e1kazn\u00edk\u016f!<\/p>\n\t\t<\/div>\n\t\t\t\t<\/div>\n\t\t\t\t<div class=\"elementor-post__meta-data\">\n\t\t\t\t\t<span class=\"elementor-post-date\">\n\t\t\t18. 12. 2025\t\t<\/span>\n\t\t\t\t<\/div>\n\t\t\t\t\t<\/div>\n\t\t<\/article>\n\t\t\t\t<article class=\"elementor-post elementor-grid-item post-29389 post type-post status-publish format-standard hentry category-pl\" role=\"listitem\">\n\t\t\t<div class=\"elementor-post__card\">\n\t\t\t\t<div class=\"elementor-post__text\">\n\t\t\t\t<h4 class=\"elementor-post__title\">\n\t\t\t<a href=\"https:\/\/nord-solution.com\/index.php\/pl\/2025\/12\/18\/mamy-swietne-wiadomosci-zielony-feniks\/\" >\n\t\t\t\tMamy \u015bwietne wiadomo\u015bci! \u201eZielony Feniks\u201d\t\t\t<\/a>\n\t\t<\/h4>\n\t\t\t\t<div class=\"elementor-post__excerpt\">\n\t\t\t<p>18. 12. 2025 Mamy \u015bwietne wiadomo\u015bci! System NORD zdoby\u0142 presti\u017cow\u0105 mi\u0119dzynarodow\u0105 nagrod\u0119 \u201eZielony Feniks\u201d podczas Festiwalu Ekoenergetyki w Polsce. Co to oznacza dla Ciebie? To,<\/p>\n\t\t<\/div>\n\t\t\t\t<\/div>\n\t\t\t\t<div class=\"elementor-post__meta-data\">\n\t\t\t\t\t<span class=\"elementor-post-date\">\n\t\t\t18. 12. 2025\t\t<\/span>\n\t\t\t\t<\/div>\n\t\t\t\t\t<\/div>\n\t\t<\/article>\n\t\t\t\t<article class=\"elementor-post elementor-grid-item post-29376 post type-post status-publish format-standard has-post-thumbnail hentry category-cz\" role=\"listitem\">\n\t\t\t<div class=\"elementor-post__card\">\n\t\t\t\t<a class=\"elementor-post__thumbnail__link\" href=\"https:\/\/nord-solution.com\/index.php\/cs\/2025\/12\/18\/nord-ziskal-prestizni-mezinarodni-oceneni-zeleny-fenix\/\" tabindex=\"-1\" ><div class=\"elementor-post__thumbnail\"><img loading=\"lazy\" decoding=\"async\" width=\"570\" height=\"276\" src=\"https:\/\/nord-solution.com\/wp-content\/uploads\/2025\/12\/nord_aquatherm_2_Miniatura-GBC-eShop-570x-276px-1.png\" class=\"attachment-full size-full wp-image-31723\" alt=\"\" srcset=\"https:\/\/nord-solution.com\/wp-content\/uploads\/2025\/12\/nord_aquatherm_2_Miniatura-GBC-eShop-570x-276px-1.png 570w, https:\/\/nord-solution.com\/wp-content\/uploads\/2025\/12\/nord_aquatherm_2_Miniatura-GBC-eShop-570x-276px-1-300x145.png 300w\" sizes=\"(max-width: 570px) 100vw, 570px\" \/><\/div><\/a>\n\t\t\t\t<div class=\"elementor-post__text\">\n\t\t\t\t<h4 class=\"elementor-post__title\">\n\t\t\t<a href=\"https:\/\/nord-solution.com\/index.php\/cs\/2025\/12\/18\/nord-ziskal-prestizni-mezinarodni-oceneni-zeleny-fenix\/\" >\n\t\t\t\tNORD z\u00edskal presti\u017en\u00ed mezin\u00e1rodn\u00ed ocen\u011bn\u00ed \u201eZelen\u00fd F\u00e9nix\u201c\t\t\t<\/a>\n\t\t<\/h4>\n\t\t\t\t<div class=\"elementor-post__excerpt\">\n\t\t\t<p>18. 12. 2025 M\u00e1me skv\u011bl\u00e9 zpr\u00e1vy!\u00a0 Syst\u00e9m NORD z\u00edskal presti\u017en\u00ed mezin\u00e1rodn\u00ed ocen\u011bn\u00ed \u201eZelen\u00fd F\u00e9nix\u201c na festivalu ekoenergetiky v Polsku.\u00a0 Co to znamen\u00e1 pro v\u00e1s? \u017de<\/p>\n\t\t<\/div>\n\t\t\t\t<\/div>\n\t\t\t\t<div class=\"elementor-post__meta-data\">\n\t\t\t\t\t<span class=\"elementor-post-date\">\n\t\t\t18. 12. 2025\t\t<\/span>\n\t\t\t\t<\/div>\n\t\t\t\t\t<\/div>\n\t\t<\/article>\n\t\t\t\t<\/div>\n\t\t\n\t\t\t\t\t\t<\/div>\n\t\t\t\t<\/div>\n\t\t\t\t\t<\/div>\n\t\t\t\t<\/div>\n\t\t<footer class=\"elementor-element elementor-element-66a786db e-flex e-con-boxed e-con e-parent\" data-id=\"66a786db\" data-element_type=\"container\">\n\t\t\t\t\t<div class=\"e-con-inner\">\n\t\t\t\t<div class=\"elementor-element elementor-element-320ad7d elementor-widget elementor-widget-heading\" data-id=\"320ad7d\" data-element_type=\"widget\" data-widget_type=\"heading.default\">\n\t\t\t\t\t<h2 class=\"elementor-heading-title elementor-size-default\">Social Media Posts<\/h2>\t\t\t\t<\/div>\n\t\t\t\t<div class=\"elementor-element elementor-element-2ec67eb elementor-widget__width-inherit elementor-skin-carousel elementor-widget elementor-widget-media-carousel\" data-id=\"2ec67eb\" data-element_type=\"widget\" data-settings=\"{&quot;slides_per_view&quot;:&quot;3&quot;,&quot;slides_to_scroll&quot;:&quot;1&quot;,&quot;space_between&quot;:{&quot;unit&quot;:&quot;px&quot;,&quot;size&quot;:18,&quot;sizes&quot;:[]},&quot;slides_per_view_tablet&quot;:&quot;4&quot;,&quot;slides_per_view_mobile&quot;:&quot;2&quot;,&quot;skin&quot;:&quot;carousel&quot;,&quot;effect&quot;:&quot;slide&quot;,&quot;speed&quot;:500,&quot;autoplay&quot;:&quot;yes&quot;,&quot;autoplay_speed&quot;:5000,&quot;loop&quot;:&quot;yes&quot;,&quot;pause_on_hover&quot;:&quot;yes&quot;,&quot;pause_on_interaction&quot;:&quot;yes&quot;,&quot;space_between_tablet&quot;:{&quot;unit&quot;:&quot;px&quot;,&quot;size&quot;:10,&quot;sizes&quot;:[]},&quot;space_between_mobile&quot;:{&quot;unit&quot;:&quot;px&quot;,&quot;size&quot;:10,&quot;sizes&quot;:[]}}\" data-widget_type=\"media-carousel.default\">\n\t\t\t\t\t\t\t\t\t\t<div class=\"elementor-main-swiper swiper\" role=\"region\" aria-roledescription=\"carousel\" aria-label=\"Slides\">\n\t\t\t\t<div class=\"swiper-wrapper\">\n\t\t\t\t\t\t\t\t\t\t\t<div class=\"swiper-slide\" role=\"group\" aria-roledescription=\"slide\">\n\t\t\t\t\t\t\t<a href=\"https:\/\/www.facebook.com\/nordhtechnologycz\">\t\t<div class=\"elementor-carousel-image\" role=\"img\" aria-label=\"W12_2026_2_FB_CZ\" style=\"background-image: url(&#039;https:\/\/nord-solution.com\/wp-content\/uploads\/2026\/04\/W12_2026_2_FB_CZ.png&#039;)\">\n\n\t\t\t\n\t\t\t\t\t<\/div>\n\t\t<\/a>\t\t\t\t\t\t<\/div>\n\t\t\t\t\t\t\t\t\t\t\t<div class=\"swiper-slide\" role=\"group\" aria-roledescription=\"slide\">\n\t\t\t\t\t\t\t<a href=\"https:\/\/www.facebook.com\/nordhtechnologycz\">\t\t<div class=\"elementor-carousel-image\" role=\"img\" aria-label=\"W14_2026_1_FB_CZ\" style=\"background-image: url(&#039;https:\/\/nord-solution.com\/wp-content\/uploads\/2026\/04\/W14_2026_1_FB_CZ.png&#039;)\">\n\n\t\t\t\n\t\t\t\t\t<\/div>\n\t\t<\/a>\t\t\t\t\t\t<\/div>\n\t\t\t\t\t\t\t\t\t\t\t<div class=\"swiper-slide\" role=\"group\" aria-roledescription=\"slide\">\n\t\t\t\t\t\t\t<a href=\"https:\/\/www.facebook.com\/nordhtechnologycz\">\t\t<div class=\"elementor-carousel-image\" role=\"img\" aria-label=\"W12_2026_2_FB_CZ\" style=\"background-image: url(&#039;https:\/\/nord-solution.com\/wp-content\/uploads\/2026\/04\/W12_2026_2_FB_CZ.png&#039;)\">\n\n\t\t\t\n\t\t\t\t\t<\/div>\n\t\t<\/a>\t\t\t\t\t\t<\/div>\n\t\t\t\t\t\t\t\t\t\t\t<div class=\"swiper-slide\" role=\"group\" aria-roledescription=\"slide\">\n\t\t\t\t\t\t\t<a href=\"https:\/\/www.facebook.com\/nordhtechnologycz\">\t\t<div class=\"elementor-carousel-image\" role=\"img\" aria-label=\"W14_2026_1_FB_CZ\" style=\"background-image: url(&#039;https:\/\/nord-solution.com\/wp-content\/uploads\/2026\/04\/W14_2026_1_FB_CZ.png&#039;)\">\n\n\t\t\t\n\t\t\t\t\t<\/div>\n\t\t<\/a>\t\t\t\t\t\t<\/div>\n\t\t\t\t\t\t\t\t\t\t\t<div class=\"swiper-slide\" role=\"group\" aria-roledescription=\"slide\">\n\t\t\t\t\t\t\t<a href=\"https:\/\/www.facebook.com\/nordhtechnologycz\">\t\t<div class=\"elementor-carousel-image\" role=\"img\" aria-label=\"W14_2026_1_FB_CZ\" style=\"background-image: url(&#039;https:\/\/nord-solution.com\/wp-content\/uploads\/2026\/04\/W14_2026_1_FB_CZ.png&#039;)\">\n\n\t\t\t\n\t\t\t\t\t<\/div>\n\t\t<\/a>\t\t\t\t\t\t<\/div>\n\t\t\t\t\t\t\t\t\t\t\t<div class=\"swiper-slide\" role=\"group\" aria-roledescription=\"slide\">\n\t\t\t\t\t\t\t<a href=\"https:\/\/www.facebook.com\/nordhtechnologycz\">\t\t<div class=\"elementor-carousel-image\" role=\"img\" aria-label=\"W12_2026_2_FB_CZ\" style=\"background-image: url(&#039;https:\/\/nord-solution.com\/wp-content\/uploads\/2026\/04\/W12_2026_2_FB_CZ.png&#039;)\">\n\n\t\t\t\n\t\t\t\t\t<\/div>\n\t\t<\/a>\t\t\t\t\t\t<\/div>\n\t\t\t\t\t\t\t\t\t\t\t<div class=\"swiper-slide\" role=\"group\" aria-roledescription=\"slide\">\n\t\t\t\t\t\t\t<a href=\"https:\/\/www.facebook.com\/nordhtechnologycz\">\t\t<div class=\"elementor-carousel-image\" role=\"img\" aria-label=\"W14_2026_1_FB_CZ\" style=\"background-image: url(&#039;https:\/\/nord-solution.com\/wp-content\/uploads\/2026\/04\/W14_2026_1_FB_CZ.png&#039;)\">\n\n\t\t\t\n\t\t\t\t\t<\/div>\n\t\t<\/a>\t\t\t\t\t\t<\/div>\n\t\t\t\t\t\t\t\t\t<\/div>\n\t\t\t\t\t\t\t\t\t\t\t\t\t\t\t\t\t\t\t\t\t<\/div>\n\t\t\t\t\t\t\t\t<\/div>\n\t\t\t\t\t<\/div>\n\t\t\t\t<\/footer>\n\t\t<footer class=\"elementor-element elementor-element-3047bdf3 e-flex e-con-boxed e-con e-parent\" data-id=\"3047bdf3\" data-element_type=\"container\" data-settings=\"{&quot;background_background&quot;:&quot;classic&quot;}\">\n\t\t\t\t\t<div class=\"e-con-inner\">\n\t\t\t\t<div class=\"elementor-element elementor-element-76f5cc12 elementor-widget elementor-widget-heading\" data-id=\"76f5cc12\" data-element_type=\"widget\" data-widget_type=\"heading.default\">\n\t\t\t\t\t<h2 class=\"elementor-heading-title elementor-size-default\">Odeb\u00edrejte n\u00e1\u0161 newsletter<\/h2>\t\t\t\t<\/div>\n\t\t\t\t<div class=\"elementor-element elementor-element-1cb700c elementor-button-align-center elementor-widget__width-initial elementor-widget elementor-widget-form\" data-id=\"1cb700c\" data-element_type=\"widget\" data-settings=\"{&quot;step_next_label&quot;:&quot;Next&quot;,&quot;step_previous_label&quot;:&quot;Previous&quot;,&quot;button_width&quot;:&quot;100&quot;,&quot;step_type&quot;:&quot;number_text&quot;,&quot;step_icon_shape&quot;:&quot;circle&quot;}\" data-widget_type=\"form.default\">\n\t\t\t\t\t\t\t<form class=\"elementor-form\" method=\"post\" name=\"New Form\" aria-label=\"New Form\">\n\t\t\t<input type=\"hidden\" name=\"post_id\" value=\"31699\"\/>\n\t\t\t<input type=\"hidden\" name=\"form_id\" value=\"1cb700c\"\/>\n\t\t\t<input type=\"hidden\" name=\"referer_title\" value=\"\" \/>\n\n\t\t\t\n\t\t\t<div class=\"elementor-form-fields-wrapper elementor-labels-\">\n\t\t\t\t\t\t\t\t<div class=\"elementor-field-type-email elementor-field-group elementor-column elementor-field-group-email elementor-col-100 elementor-field-required\">\n\t\t\t\t\t\t\t\t\t\t\t\t<label for=\"form-field-email\" class=\"elementor-field-label elementor-screen-only\">\n\t\t\t\t\t\t\t\tEmail\t\t\t\t\t\t\t<\/label>\n\t\t\t\t\t\t\t\t\t\t\t\t\t\t<input size=\"1\" type=\"email\" name=\"form_fields[email]\" id=\"form-field-email\" class=\"elementor-field elementor-size-sm  elementor-field-textual\" placeholder=\"V\u00e1\u0161 email\" required=\"required\">\n\t\t\t\t\t\t\t\t\t\t\t<\/div>\n\t\t\t\t\t\t\t\t<div class=\"elementor-field-group elementor-column elementor-field-type-submit elementor-col-100 e-form__buttons\">\n\t\t\t\t\t<button class=\"elementor-button elementor-size-sm elementor-animation-grow\" type=\"submit\">\n\t\t\t\t\t\t<span class=\"elementor-button-content-wrapper\">\n\t\t\t\t\t\t\t\t\t\t\t\t\t\t\t\t\t\t\t\t\t\t<span class=\"elementor-button-text\">Odeb\u00edrat<\/span>\n\t\t\t\t\t\t\t\t\t\t\t\t\t<\/span>\n\t\t\t\t\t<\/button>\n\t\t\t\t<\/div>\n\t\t\t<\/div>\n\t\t<\/form>\n\t\t\t\t\t\t<\/div>\n\t\t\t\t\t<\/div>\n\t\t\t\t<\/footer>\n\t\t\t\t<\/div>\n\t\t","protected":false},"excerpt":{"rendered":"<p>Novinky ze sv\u011bta NORD Social Media Posts Odeb\u00edrejte n\u00e1\u0161 newsletter<\/p>\n","protected":false},"author":1,"featured_media":0,"parent":0,"menu_order":0,"comment_status":"closed","ping_status":"closed","template":"","meta":{"om_disable_all_campaigns":false,"_monsterinsights_skip_tracking":false,"_monsterinsights_sitenote_active":false,"_monsterinsights_sitenote_note":"","_monsterinsights_sitenote_category":0,"footnotes":""},"_links":{"self":[{"href":"https:\/\/nord-solution.com\/index.php\/wp-json\/wp\/v2\/pages\/31699"}],"collection":[{"href":"https:\/\/nord-solution.com\/index.php\/wp-json\/wp\/v2\/pages"}],"about":[{"href":"https:\/\/nord-solution.com\/index.php\/wp-json\/wp\/v2\/types\/page"}],"author":[{"embeddable":true,"href":"https:\/\/nord-solution.com\/index.php\/wp-json\/wp\/v2\/users\/1"}],"replies":[{"embeddable":true,"href":"https:\/\/nord-solution.com\/index.php\/wp-json\/wp\/v2\/comments?post=31699"}],"version-history":[{"count":10,"href":"https:\/\/nord-solution.com\/index.php\/wp-json\/wp\/v2\/pages\/31699\/revisions"}],"predecessor-version":[{"id":32925,"href":"https:\/\/nord-solution.com\/index.php\/wp-json\/wp\/v2\/pages\/31699\/revisions\/32925"}],"wp:attachment":[{"href":"https:\/\/nord-solution.com\/index.php\/wp-json\/wp\/v2\/media?parent=31699"}],"curies":[{"name":"wp","href":"https:\/\/api.w.org\/{rel}","templated":true}]}}